-- http://www.phpmyadmin.net
-- 
-- 
-- Database: `Evaluation`
-- 

-- --------------------------------------------------------

-- 
-- Table structure for table `Blocks`
-- 

CREATE TABLE `Blocks` (
  `id` int(11) NOT NULL auto_increment,
  `name` char(255) default NULL,
  `number` int(11) default NULL,
  `semester_id` int(11) NOT NULL default '0',
  `ta_id` int(11) NOT NULL default '0',
  `instructor_id` int(11) NOT NULL default '0',
  `un100_id` int(11) NOT NULL default '0',
  `closed` char(3) default NULL,
  PRIMARY KEY  (`id`),
  KEY `semester_id` (`semester_id`),
  KEY `ta_id` (`ta_id`),
  KEY `instructor_id` (`instructor_id`),
  KEY `un100_id` (`un100_id`)
) TYPE=MyISAM AUTO_INCREMENT=89 ;

-- 
-- Dumping data for table `Blocks`
-- 

INSERT INTO `Blocks` (`id`, `name`, `number`, `semester_id`, `ta_id`, `instructor_id`, `un100_id`, `closed`) VALUES (81, 'Undeclared - 6', 34, 1, 31, 31, 31, 'yes'),
(59, 'Communications & Performance Studies', 11, 1, 10, 10, 11, 'yes'),
(80, 'Undeclared - 5', 33, 1, 30, 0, 30, 'yes'),
(78, 'Undeclared - 3', 31, 1, 28, 28, 28, 'yes'),
(77, 'Undeclared - 2', 30, 1, 27, 27, 33, 'yes'),
(76, 'Undeclared - 1', 29, 1, 26, 26, 27, 'yes'),
(75, 'Social Work', 28, 1, 25, 22, 0, 'yes'),
(74, 'Psychology', 27, 1, 24, 24, 25, 'yes'),
(73, 'Pre-Professional - 2', 26, 1, 23, 23, 24, 'yes'),
(71, 'Political Science/Public Administration/Pre-Law', 24, 1, 21, 21, 22, 'yes'),
(70, 'Outdoor Recreation', 23, 1, 20, 20, 21, 'yes'),
(69, 'Nursing - 3', 22, 1, 19, 18, 20, 'yes'),
(68, 'Nursing - 2', 21, 1, 18, 18, 19, 'yes'),
(67, 'Nursing - 1', 20, 1, 17, 17, 18, 'yes'),
(66, 'Honor Students', 19, 1, 0, 0, 0, 'yes'),
(65, 'English', 18, 1, 16, 16, 17, 'yes'),
(64, 'Engineering Technology', 17, 1, 15, 15, 16, 'yes'),
(63, 'Education - Secondary', 16, 1, 14, 14, 15, 'yes'),
(61, 'Criminal Justice - 1', 13, 1, 12, 12, 13, 'yes'),
(60, 'Computer Science', 12, 1, 11, 11, 12, 'yes'),
(58, 'Art & Design - 4', 4, 1, 4, 4, 5, 'yes'),
(57, 'Art & Design - 3', 3, 1, 3, 3, 4, 'yes'),
(52, 'Athletic Training', 5, 1, 5, 5, 6, 'yes'),
(56, 'Art & Design - 2', 2, 1, 2, 2, 3, 'yes'),
(55, 'Chemistry', 10, 1, 9, 9, 10, 'yes'),
(54, 'Business - 2', 9, 1, 8, 8, 9, 'yes'),
(53, 'Business - 1', 8, 1, 7, 7, 8, 'yes'),
(51, 'Art & Design - 1', 1, 1, 1, 1, 1, 'yes'),
(62, 'Education - Elementary', 15, 1, 13, 13, 14, 'yes'),
(79, 'Undeclared - 4', 32, 1, 29, 29, 29, 'yes'),
(72, 'Pre-Professional - 1', 25, 1, 22, 22, 23, 'yes'),
(82, 'Biology', 6, 1, 6, 6, 7, 'yes'),
(83, 'Criminal Justice - 2', 35, 1, 32, 32, 32, 'yes'),
(84, 'Military Science', 45, 1, 0, 0, 0, 'yes'),
(87, 'Fake Block 2', 14, 1, 33, 0, 0, 'no'),
(88, 'My Test Block', 4, 1, 4, 0, 0, 'no');

-- --------------------------------------------------------

-- 
-- Table structure for table `Buildings`
-- 

CREATE TABLE `Buildings` (
  `id` int(11) NOT NULL auto_increment,
  `abv` char(10) default NULL,
  `name` char(100) default NULL,
  PRIMARY KEY  (`id`)
) TYPE=MyISAM AUTO_INCREMENT=10 ;

-- 
-- Dumping data for table `Buildings`
-- 

INSERT INTO `Buildings` (`id`, `abv`, `name`) VALUES (1, 'ART', 'Art & Design North'),
(2, 'NSF', 'New Science Facility'),
(3, 'West', 'West Science Building'),
(4, 'Jamr', 'Jamrich Hall'),
(5, 'TFA', 'Thomas Fine Arts'),
(6, 'LRC', 'Harden Learning Resources Center'),
(7, 'Jacob', 'Jacobetti Center'),
(8, 'PEIF', 'Physical Education Instructional Facility'),
(9, 'MC', 'McClintock Building');

-- --------------------------------------------------------

-- 
-- Table structure for table `Instructors`
-- 

CREATE TABLE `Instructors` (
  `id` int(11) NOT NULL auto_increment,
  `fname` varchar(50) default NULL,
  `lname` varchar(50) default NULL,
  `mname` char(1) default NULL,
  `street` varchar(50) default NULL,
  `city` varchar(50) default NULL,
  `state` varchar(20) default NULL,
  `zip` varchar(5) default NULL,
  `phone` varchar(20) default NULL,
  `email` varchar(50) default NULL,
  `nmuin` varchar(8) default NULL,
  PRIMARY KEY  (`id`)
) TYPE=MyISAM AUTO_INCREMENT=35 ;

-- 
-- Dumping data for table `Instructors`
-- 

INSERT INTO `Instructors` (`id`, `fname`, `lname`, `mname`, `street`, `city`, `state`, `zip`, `phone`, `email`, `nmuin`) VALUES (1, 'Patti', 'Smith', NULL, NULL, NULL, NULL, NULL, NULL, 'patsmith@nmu.edu', NULL),
(2, 'Peter', 'Pless', NULL, NULL, NULL, NULL, NULL, NULL, 'ppless@nmu.edu', NULL),
(3, 'Tom', 'Wolfe', NULL, NULL, NULL, NULL, NULL, NULL, 'twolfe@nmu.edu', NULL),
(4, 'Keith', 'Ellis', NULL, NULL, NULL, NULL, NULL, NULL, 'keiellis@nmu.edu', NULL),
(5, 'Barb', 'Coleman', NULL, NULL, NULL, NULL, NULL, NULL, 'bcoleman@nmu.edu', NULL),
(6, 'Etienne', 'Senker', NULL, NULL, NULL, NULL, NULL, NULL, 'esenker@nmu.edu', NULL),
(7, 'Katherine', 'Reynolds', NULL, NULL, NULL, NULL, NULL, NULL, 'kareynol@nmu.edu', NULL),
(8, 'Paula', 'McCormick', NULL, NULL, NULL, NULL, NULL, NULL, 'pmccormi@nmu.edu', NULL),
(9, 'Jim', 'Cantrill', NULL, NULL, NULL, NULL, NULL, NULL, 'jcantril@nmu.edu', NULL),
(10, 'Annie', 'Stanger', NULL, NULL, NULL, NULL, NULL, NULL, 'anniestanger@charter.net', NULL),
(11, 'Eric', 'Johnson', NULL, NULL, NULL, NULL, NULL, NULL, 'ericjohn@nmu.edu', NULL),
(12, 'Jeff', 'Mincheff', NULL, NULL, NULL, NULL, NULL, NULL, 'jminchef@nmu.edu', NULL),
(13, 'David', 'Blomquist', NULL, NULL, NULL, NULL, NULL, NULL, 'dmlb@chartermi.net', NULL),
(14, 'Mary Lou', 'Blomquist', NULL, NULL, NULL, NULL, NULL, NULL, 'dmlb@chartermi.net', NULL),
(15, 'Mike', 'Rudisill', NULL, NULL, NULL, NULL, NULL, NULL, 'mrudisil@nmu.edu', NULL),
(16, 'Melissa', 'Hearn', NULL, NULL, NULL, NULL, NULL, NULL, 'mhearn@nmu.edu', NULL),
(17, 'Mary', 'Wallace', NULL, NULL, NULL, NULL, NULL, NULL, 'mwallace@nmu.edu', NULL),
(18, 'Eileen', 'Smit', NULL, NULL, NULL, NULL, NULL, NULL, 'esmit@nmu.edu', NULL),
(19, 'Eileen', 'Smit', NULL, NULL, NULL, NULL, NULL, NULL, 'esmit@nmu.edu', NULL),
(20, 'Andrew', 'Nelson', NULL, NULL, NULL, NULL, NULL, NULL, 'anelson@nmu.edu', NULL),
(21, 'Kreg', 'Greer', NULL, NULL, NULL, NULL, NULL, NULL, 'greerkcfam@aol.com', NULL),
(22, 'Chad', 'Mager', NULL, NULL, NULL, NULL, NULL, NULL, 'chad@fireup.org', NULL),
(23, 'John', 'Covaleskie', NULL, NULL, NULL, NULL, NULL, NULL, 'jcovales@nmu.edu', NULL),
(24, 'Al', 'Beauchamp', NULL, NULL, NULL, NULL, NULL, NULL, 'abeaucha@nmu.edu', NULL),
(25, 'Chad', 'Mager', NULL, NULL, NULL, NULL, NULL, NULL, 'chad@fireup.org', NULL),
(26, 'Leann', 'Miller', NULL, NULL, NULL, NULL, NULL, NULL, 'leamille@nmu.edu', NULL),
(27, 'Robbie', 'Goodrich', NULL, NULL, NULL, NULL, NULL, NULL, 'rgoodric@nmu.edu', NULL),
(28, 'Lynne', 'Gerhardt', NULL, NULL, NULL, NULL, NULL, NULL, 'lgerhard@nmu.edu', NULL),
(29, 'Susan', 'VerDuin', NULL, NULL, NULL, NULL, NULL, NULL, 'sverduin@nmu.edu', NULL),
(30, 'Scott', 'Smith', NULL, NULL, NULL, NULL, NULL, NULL, 'scotsmit@nmu.edu', NULL),
(31, 'Tim', 'DeMarte', NULL, NULL, NULL, NULL, NULL, NULL, 'tdemarte@nmu.edu', NULL),
(32, 'Jim', 'Alexander', NULL, NULL, NULL, NULL, NULL, NULL, 'jalexand@nmu.edu', NULL);

-- --------------------------------------------------------

-- 
-- Table structure for table `Navbar`
-- 

CREATE TABLE `Navbar` (
  `source_dir` char(25) NOT NULL default '',
  `header_id` int(11) NOT NULL default '0',
  `title` char(50) NOT NULL default '',
  `position` int(11) NOT NULL default '0',
  PRIMARY KEY  (`source_dir`)
) TYPE=MyISAM;

-- 
-- Dumping data for table `Navbar`
-- 

INSERT INTO `Navbar` (`source_dir`, `header_id`, `title`, `position`) VALUES ('admin', 9, 'Coordinators', 1),
('grad', 3, 'Graduate Assistants', 1),
('navbar', 2, 'Navigation Bar', 2),
('blocks', 3, 'Blocks', 2),
('instructor', 3, 'Instructors', 3),
('ta', 3, 'Teaching Assistants', 4),
('students', 3, 'Students', 5),
('form', 3, 'Evaluation Form', 7),
('block_report', 4, 'Block Report', 2),
('results', 4, 'Evaluation Results', 1),
('un100', 3, 'UN 100', 8),
('buildings', 3, 'Buildings', 9),
('un100_report', 4, 'UN100 Report', 3),
('webmasters', 2, 'Webmasters', 3),
('todo', 2, 'To-Do List', 1),
('semesters', 3, 'Semesters', 6),
('time', 9, 'Evaluation Time', 2);

-- --------------------------------------------------------

-- 
-- Table structure for table `Navbar_Headers`
-- 

CREATE TABLE `Navbar_Headers` (
  `id` int(11) NOT NULL auto_increment,
  `title` char(50) NOT NULL default '',
  `position` int(11) NOT NULL default '0',
  `user_type` char(12) NOT NULL default '',
  PRIMARY KEY  (`id`)
) TYPE=MyISAM AUTO_INCREMENT=11 ;

-- 
-- Dumping data for table `Navbar_Headers`
-- 

INSERT INTO `Navbar_Headers` (`id`, `title`, `position`, `user_type`) VALUES (2, 'Site Elements', 1, 'webmaster'),
(3, 'Site Data', 3, 'grad'),
(4, 'Reports', 4, 'grad'),
(9, 'Admin Options', 2, 'admin');

-- --------------------------------------------------------

-- 
-- Table structure for table `Presenter_Blocks`
-- 

CREATE TABLE `Presenter_Blocks` (
  `id` int(11) NOT NULL auto_increment,
  `presenter_id` int(11) NOT NULL default '0',
  `block_id` int(11) NOT NULL default '0',
  `date` char(8) default NULL,
  PRIMARY KEY  (`id`),
  KEY `block_id` (`block_id`),
  KEY `presenter_id` (`presenter_id`)
) TYPE=MyISAM AUTO_INCREMENT=1 ;

-- 
-- Dumping data for table `Presenter_Blocks`
-- 


-- --------------------------------------------------------

-- 
-- Table structure for table `Presenter_Names`
-- 

CREATE TABLE `Presenter_Names` (
  `id` int(11) NOT NULL auto_increment,
  `title` char(255) default NULL,
  `fname` char(50) default NULL,
  `mname` char(1) default NULL,
  `lname` char(50) default NULL,
  `email` char(50) default NULL,
  `phone` char(10) default NULL,
  PRIMARY KEY  (`id`)
) TYPE=MyISAM AUTO_INCREMENT=1 ;

-- 
-- Dumping data for table `Presenter_Names`
-- 


-- --------------------------------------------------------

-- 
-- Table structure for table `Question_Answers`
-- 

CREATE TABLE `Question_Answers` (
  `id` int(11) NOT NULL auto_increment,
  `question_id` int(11) NOT NULL default '0',
  `ta_id` int(11) NOT NULL default '0',
  `value` int(11) default NULL,
  PRIMARY KEY  (`id`),
  KEY `question_id` (`question_id`),
  KEY `ta_id` (`ta_id`)
) TYPE=MyISAM AUTO_INCREMENT=56 ;

-- 
-- Dumping data for table `Question_Answers`
-- 

INSERT INTO `Question_Answers` (`id`, `question_id`, `ta_id`, `value`) VALUES (1, 1, 11, 2),
(2, 2, 11, 3),
(3, 3, 11, 3),
(4, 4, 11, 4),
(5, 9, 11, 4),
(6, 10, 11, 4),
(7, 11, 11, 5),
(8, 12, 11, 3),
(9, 5, 11, 4),
(10, 6, 11, 4),
(11, 13, 11, 5),
(12, 14, 11, 5),
(13, 15, 11, 4),
(14, 16, 11, 4),
(15, 7, 11, 1),
(16, 17, 11, 2),
(17, 18, 11, 3),
(18, 19, 11, 2),
(19, 20, 11, 2),
(20, 21, 11, 2),
(21, 22, 11, 3),
(22, 23, 11, 3),
(23, 24, 11, 3),
(24, 25, 11, 4),
(25, 26, 11, 4),
(26, 1, 33, 2),
(27, 15, 33, 4),
(28, 20, 33, 1),
(29, 24, 33, 5),
(30, 26, 33, 2),
(31, 1, 11, 1),
(32, 2, 11, 2),
(33, 3, 11, 2),
(34, 4, 11, 2),
(35, 9, 11, 1),
(36, 10, 11, 2),
(37, 11, 11, 3),
(38, 12, 11, 3),
(39, 5, 11, 4),
(40, 6, 11, 4),
(41, 13, 11, 4),
(42, 14, 11, 5),
(43, 15, 11, 3),
(44, 16, 11, 2),
(45, 7, 11, 3),
(46, 17, 11, 3),
(47, 18, 11, 2),
(48, 19, 11, 2),
(49, 20, 11, 1),
(50, 21, 11, 2),
(51, 22, 11, 1),
(52, 23, 11, 3),
(53, 24, 11, 2),
(54, 25, 11, 4),
(55, 26, 11, 4);

-- --------------------------------------------------------

-- 
-- Table structure for table `Question_Headings`
-- 

CREATE TABLE `Question_Headings` (
  `id` int(11) NOT NULL auto_increment,
  `semester_id` int(11) NOT NULL default '0',
  `title` char(255) default NULL,
  PRIMARY KEY  (`id`),
  KEY `semester_id` (`semester_id`)
) TYPE=MyISAM AUTO_INCREMENT=65 ;

-- 
-- Dumping data for table `Question_Headings`
-- 

INSERT INTO `Question_Headings` (`id`, `semester_id`, `title`) VALUES (1, 1, 'Teaching Assistant Role and Relationship'),
(2, 1, 'Class Involvement'),
(3, 1, 'Study Strategies'),
(5, 1, 'Connecting Activities and Resources'),
(6, 1, 'Awareness of Self and Others'),
(7, 1, 'Impact');

-- --------------------------------------------------------

-- 
-- Table structure for table `Questions`
-- 

CREATE TABLE `Questions` (
  `id` int(11) NOT NULL auto_increment,
  `semester_id` int(11) NOT NULL default '0',
  `heading_id` int(11) NOT NULL default '0',
  `title` char(255) default NULL,
  PRIMARY KEY  (`id`),
  KEY `semester_id` (`semester_id`),
  KEY `heading_id` (`heading_id`)
) TYPE=MyISAM AUTO_INCREMENT=160 ;

-- 
-- Dumping data for table `Questions`
-- 

INSERT INTO `Questions` (`id`, `semester_id`, `heading_id`, `title`) VALUES (1, 1, 1, 'I understand the role of the TA in the class.'),
(2, 1, 1, 'My TA Knows my name.'),
(3, 1, 1, 'My TA is approachable in class and out of class.'),
(4, 1, 1, 'My TA communicates with me outside of class.'),
(5, 1, 2, 'My TA and instructor work well as a teaching team.'),
(6, 1, 2, 'My TA is clear and organized when giving presentations.'),
(7, 1, 3, 'My TA knows and helps me use Study Strategies.'),
(9, 1, 1, 'My TA is easy to reach when I have a question or concern.'),
(10, 1, 1, 'My TA listens and tries to understand me.'),
(11, 1, 1, 'My TA responds respectfully to my questions and ideas.'),
(12, 1, 1, 'I would be willing to share personal issues with my TA.'),
(13, 1, 2, 'My TA helps facilitate presentations.'),
(14, 1, 2, 'My TA encourages students to interact with each other.'),
(15, 1, 2, 'My TA gives me appropriate feedback about my performace in the class.'),
(16, 1, 2, 'My TA arrives on time to class.'),
(17, 1, 3, 'My TA shows me how to use Study Stategies in other classes.'),
(18, 1, 3, 'My TA motivates me to be a more effective student.'),
(19, 1, 5, 'My TA helps me become familiar with NMU Campus.'),
(20, 1, 5, 'My TA provides me with information about campus activities.'),
(21, 1, 5, 'My TA attends campus activeties with me.'),
(22, 1, 5, 'My TA is familiar with campus resourses that could meet my needs and interest.'),
(23, 1, 6, 'My TA is honest about his/her own strengths and weeknesses.'),
(24, 1, 6, 'My TA respects different points of view.'),
(25, 1, 7, 'I value the advice my TA gives me about school and personal issues.'),
(26, 1, 7, 'The TA''s involvement makes UN100 a better class.');

-- --------------------------------------------------------

-- 
-- Table structure for table `Semesters`
-- 

CREATE TABLE `Semesters` (
  `id` int(11) NOT NULL auto_increment,
  `year` varchar(4) NOT NULL default '',
  `season` varchar(6) NOT NULL default '',
  `current` tinyint(1) NOT NULL default '0',
  PRIMARY KEY  (`id`)
) TYPE=MyISAM AUTO_INCREMENT=5 ;

-- 
-- Dumping data for table `Semesters`
-- 

INSERT INTO `Semesters` (`id`, `year`, `season`, `current`) VALUES (1, '2006', 'Fall', 1),
(2, '2006', 'Winter', 0);

-- --------------------------------------------------------

-- 
-- Table structure for table `Students`
-- 

CREATE TABLE `Students` (
  `id` int(11) NOT NULL auto_increment,
  `lname` char(50) default NULL,
  `fname` char(50) default NULL,
  `mname` char(1) default NULL,
  `street` char(50) default NULL,
  `city` char(50) default NULL,
  `state` char(20) default NULL,
  `zip` char(5) default NULL,
  `phone` char(20) default NULL,
  `email` char(50) default NULL,
  `nmuin` char(8) default NULL,
  `block_id` int(11) default NULL,
  `evaluated` enum('yes','no') NOT NULL default 'no',
  PRIMARY KEY  (`id`)
) TYPE=MyISAM AUTO_INCREMENT=1839 ;

-- 
-- Dumping data for table `Students`
-- 

INSERT INTO `Students` (`id`, `lname`, `fname`, `mname`, `street`, `city`, `state`, `zip`, `phone`, `email`, `nmuin`, `block_id`, `evaluated`) VALUES (1823, 'Ruppel', 'David', NULL, '32070 County Road 496', 'Champion', 'MI', '49814', NULL, '', NULL, 84, 'yes'),
(1822, 'Pfiester', 'John', NULL, '10848T.6 Lane', 'Rapid River', 'MI', '49828', NULL, 'johnnybravo_joker1@yahoo.com\r', NULL, 84, 'yes'),
(1821, 'Mulholland', 'Eric', NULL, '230 Newman Street', 'Charlevoix', 'MI', '49720', NULL, 'emulholl@nmu.edu\r', NULL, 84, 'yes'),
(1820, 'Kroll', 'Nicholas', NULL, '240 East 103rd Avenue', 'Zeeland', 'MI', '49464', NULL, 'aitestriker@gmail.com\r', NULL, 84, 'yes'),
(1819, 'Andersen', 'Clinton', NULL, '2683 South Santiago  Road', 'AuGres', 'MI', '48703', NULL, 'clintandersen2006@yahoo.com\r', NULL, 84, 'yes'),
(1818, 'Walters', 'Paul', NULL, '16219 Alpine', 'Livonia', 'MI', '48154', NULL, '\r', NULL, 83, 'yes'),
(1817, 'Vogelsang', 'Krista', NULL, 'P.O. Box 16', 'Gwinn', 'MI', '49841', NULL, 'kristav@aol.com\r', NULL, 83, 'yes'),
(1816, 'Uskilith', 'Shianne', NULL, 'N17213 NCR 557', 'Wilson', 'MI', '49896', NULL, 'shi.uskilith@hotmail.com\r', NULL, 83, 'yes'),
(1815, 'Perron', 'Scott', NULL, '110 Court Street', 'Munising', 'MI', '49862', NULL, 'sperron@nmu.edu\r', NULL, 83, 'yes'),
(1814, 'Mellas', 'Lauren', NULL, '14458 Keeler Avenue', 'Midlothian', 'IL', '60445', NULL, 'laurenmellas@hotmail.com\r', NULL, 83, 'yes'),
(1813, 'Livas', 'Lori', NULL, '1173 Hampton Lane', 'Mundelein', 'IL', '60060', NULL, 'triplthreat45@comcast.net\r', NULL, 83, 'yes'),
(1812, 'Kenyon', 'Julie', NULL, 'E996 McAfee Road', 'Chatham', 'MI', '49816', NULL, 'jransier@nmu.edu\r', NULL, 83, 'yes'),
(1811, 'Hughes', 'Ryan', NULL, 'N6982 Indiantown Road', 'Munising', 'MI', '49862', NULL, 'rphughes1988@yahoo.com\r', NULL, 83, 'yes'),
(1810, 'Heidtman', 'Michael', NULL, '115 West Lincoln Street', 'Negaunee', 'MI', '49866', NULL, 'mheidtma@nmu.edu\r', NULL, 83, 'yes'),
(1809, 'Harry', 'Alan', NULL, '911 Summit Street', 'Hancock', 'MI', '49930', NULL, 'hairbomber3@hotmail.com\r', NULL, 83, 'yes'),
(1808, 'Grigas', 'Christopher', NULL, '11405 S. Talman Avenue', 'Chicago', 'IL', '60655', NULL, 'cgrigas@nmu.edu\r', NULL, 83, 'yes'),
(1807, 'Dolgoff', 'Sasha', NULL, '6309 Hillside Road', 'Edina', 'MN', '55436', NULL, 'sdolsoff@nmu.edu\r', NULL, 83, 'yes'),
(1806, 'Cox', 'Cassandra', NULL, '27837 U.S. 41', 'Michigamme', 'MI', '49861', NULL, 'cacox@nmu.edu\r', NULL, 83, 'yes'),
(1805, 'VandenHeuvel', 'Nathan', NULL, '460 Sullivan Street, Apt. 3', 'Oshkosh', 'WI', '54902', NULL, 'nelsan1@juno.com\r', NULL, 81, 'yes'),
(1804, 'Topjian', 'Tiffany', NULL, '1913 East 7th Avenue', 'Norway', 'MI', '49870', NULL, 'ttopjian@nmu.edu\r', NULL, 81, 'yes'),
(1803, 'Toolanen', 'Courtney', NULL, '516 Michigan Avenue', 'Ontonagon', 'MI', '49953', NULL, 'courtney_shontell31@yahoo.com\r', NULL, 81, 'yes'),
(1802, 'Smith', 'Daniel', NULL, '609 Lakeshore Drive', 'Cadillac', 'MI', '49601', NULL, 'tom_hung@hotmail.com\r', NULL, 81, 'yes'),
(1801, 'Reutter', 'Katherine', NULL, '1205 Kenwood Road', 'Champaign', 'IL', '61821', NULL, 'ktlaine@yahoo.com\r', NULL, 81, 'yes'),
(1800, 'Portice', 'Amanda', NULL, '2451 Red Rose Lane', 'Rockford', 'MI', '49341', NULL, 'aportice@nmu.edu\r', NULL, 81, 'yes'),
(1799, 'Nichols', 'Zachary', NULL, '4099 Canterberry Commons', 'Brighton', 'MI', '48114', NULL, 'znichols@nmu.edu\r', NULL, 81, 'yes'),
(1798, 'Masselink', 'Austin', NULL, '1129 Lumina Drive', 'Jenison', 'MI', '49428', NULL, 'reflex_ceo@yahoo.com\r', NULL, 81, 'yes'),
(1797, 'Klusmeyer', 'Brandon', NULL, 'P.O. Box 1, N9218 H-33', 'Gould City', 'MI', '49838', NULL, 'mxracer08_69@hotmail.com\r', NULL, 81, 'yes'),
(1796, 'Kiilunen', 'Joanna', NULL, '8821 Maltby', 'Brighton', 'MI', '48116', NULL, 'jmkiilu@hotmail.com\r', NULL, 81, 'yes'),
(1795, 'Kelley', 'Kyle', NULL, '18878 30th Avenue', 'Marion', 'MI', '49665', NULL, 'ksk_12_2006@hotmail.com\r', NULL, 81, 'yes'),
(1794, 'Hitt', 'Andrea', NULL, '409 Lawe Street', 'Green Bay', 'WI', '54301', NULL, 'hittpj@juno.com\r', NULL, 81, 'yes'),
(1793, 'Haywood', 'Katie', NULL, '5683 Marlin Avenue', 'Hudsonville', 'MI', '49426', NULL, 'beautifullie06@aol.com\r', NULL, 81, 'yes'),
(1792, 'Funke', 'Danielle', NULL, '717 Michigan Avenue', 'Ontonagon', 'MI', '49953', NULL, 'danielle_marie14@hotmail.com\r', NULL, 81, 'yes'),
(1791, 'Emerson', 'Amanda', NULL, '26 Fawn Ridge Drive', 'Cary', 'IL', '60013', NULL, 'ymw63@aol.com\r', NULL, 81, 'yes'),
(1790, 'Dietz', 'Lukas', NULL, '43781 7th Avenue', 'Atlantic Mine', 'MI', '49905', NULL, 'lpdietz06@hotmail.com\r', NULL, 81, 'yes'),
(1789, 'Carpenter', 'Catherine', NULL, 'P.O. Box 701', 'Dillingham', 'AK', '99576', NULL, 'c_carpenter06@hotmail.com\r', NULL, 81, 'yes'),
(1788, 'Caldwell', 'Heather', NULL, '205 Ingalsbe', 'Columbus', 'WI', '53925', NULL, 'pookie_dollie@yahoo.com\r', NULL, 81, 'yes'),
(1787, 'Burge', 'Brice', NULL, 'P.O. Box 79', 'Schneider', 'IN', '46376', NULL, 'lostsenior06@yahoo.com\r', NULL, 81, 'yes'),
(1786, 'Brown', 'Brigitte', NULL, '777 Pioneer Road, Lot 75', 'Marquette', 'MI', '49855', NULL, 'brbrown@nmu.edu\r', NULL, 81, 'yes'),
(1785, 'Bauschke', 'Katherine', NULL, '1655 Cass Avenue', 'Libertyville', 'IL', '60048', NULL, 'sbauschke@comcast.net\r', NULL, 81, 'yes'),
(1784, 'Walrack', 'Jason', NULL, '1107 West A Street', 'Iron Mountain', 'MI', '49801', NULL, 'jay21_walrack@hotmail.com\r', NULL, 80, 'yes'),
(1783, 'Venner', 'Carolyn', NULL, '11229 Delmar', 'Richland', 'MI', '49083', NULL, 'cvenner@nmu.edu\r', NULL, 80, 'yes'),
(1782, 'VanSickle', 'Chela', NULL, '21275 J Drive North', 'Marshall', 'MI', '49068', NULL, 'kentvansickle@yahoo.com\r', NULL, 80, 'yes'),
(1781, 'Sturos', 'Jordan', NULL, '3204 Hogback Road', 'Fowlerville', 'MI', '48836', NULL, 'jdsturos@hotmail.com\r', NULL, 80, 'yes'),
(1780, 'Stanton', 'Clark', NULL, '230 Chestnut Street', 'Deerfield', 'IL', '60015', NULL, 'kit3do@hotmail.com\r', NULL, 80, 'yes'),
(1779, 'Smith', 'Casey', NULL, '24 West Franklin', 'Waupun', 'WI', '53963', NULL, 'hitomi_goku@yahoo.com\r', NULL, 80, 'yes'),
(1778, 'Schmitt', 'Jacob', NULL, '280 Shot Point', 'Marquette', 'MI', '49855', NULL, 'kschmitt@nmu.edu\r', NULL, 80, 'yes'),
(1777, 'Reeves', 'Andrew', NULL, '797 Brook Village Drive', 'Holland', 'MI', '49423', NULL, 'greycheatgreen@hotmail.com\r', NULL, 80, 'yes'),
(1776, 'Ploe', 'Trevor', NULL, '47660 Pine Circle', 'Houghton', 'MI', '49931', NULL, 'tploe@nmu.edu\r', NULL, 80, 'yes'),
(1775, 'Newman', 'Chelsea', NULL, '435 Florida Street', 'Laurium', 'MI', '49913', NULL, 'bnewman2006@hotmail.com\r', NULL, 80, 'yes'),
(1774, 'Johnson', 'Jessila', NULL, '3625 Marpe Street', 'Quinnesec', 'MI', '49876', NULL, 'jessilajo@nmu.edu\r', NULL, 80, 'yes'),
(1773, 'Jensen', 'Dana', NULL, '713 Spring Beach Way', 'Cary', 'IL', '60013', NULL, 'smileyqueen@sbcglobal.net\r', NULL, 80, 'yes'),
(1772, 'Hansen', 'Joseph', NULL, '891 Scott Woods Drive', 'Comstock Park', 'MI', '49321', NULL, 'cpgolfstud06@aol.com\r', NULL, 80, 'yes'),
(1771, 'Hannigan', 'Patrick', NULL, '2612 Oak Avenue', 'Northbrook', 'IL', '60062', NULL, 'pjhannigan3@aol.com\r', NULL, 80, 'yes'),
(1770, 'Duby', 'Jamie', NULL, '1850 East B Avenue', 'Plainwell', 'MI', '49080', NULL, 'coolduby@aim.com\r', NULL, 80, 'yes'),
(1769, 'Cotton', 'Richard', NULL, '1057 Abbey Road', 'Monroe', 'MI', '48161', NULL, 'dick-waters@hotmail.com\r', NULL, 80, 'yes'),
(1768, 'Altemus', 'Ann', NULL, '2500 Popple Lane', 'Howell', 'MI', '48855', NULL, 'altemusp@msn.com\r', NULL, 80, 'yes'),
(1767, 'Shumard', 'Amber', NULL, '8445 Becker', 'Allen Park', 'MI', '48101', NULL, 'assweetheart06@aol.com\r', NULL, 79, 'yes'),
(1766, 'Shaner', 'Kyle', NULL, '22531 Alexandrine Street', 'Dearborn', 'MI', '48124', NULL, 'psycho9742@aol.com\r', NULL, 79, 'yes'),
(1765, 'Pennala', 'Melissa', NULL, '61965 Tayberry Circle', 'South Lyon', 'MI', '48178', NULL, 'mhp688@aol.com\r', NULL, 79, 'yes'),
(1764, 'Payne', 'Stephanie', NULL, '3844 Lake Street', 'Bridgman', 'MI', '49106', NULL, 'ihatetrash@yahoo.com\r', NULL, 79, 'yes'),
(1763, 'Paliewicz', 'Cory', NULL, '609 13th Avenue', 'Menominee', 'MI', '49858', NULL, 'cpaliewi@nmu.edu\r', NULL, 79, 'yes'),
(1762, 'Nauss', 'Harrison', NULL, '878 Dursley Road', 'Bloomfield Hills', 'MI', '48304', NULL, 'guess_guy4@hotmail.com\r', NULL, 79, 'yes'),
(1761, 'Mohr', 'Aimee', NULL, '1717 Moorland Lane', 'Crystal Lake', 'IL', '60014', NULL, 'aimsters88@hotmail.com\r', NULL, 79, 'yes'),
(1760, 'Meister', 'Brenen', NULL, '9179 Northwood Highway', 'Onekama', 'MI', '49675', NULL, 'dippedinchrome@hotmail.com\r', NULL, 79, 'yes'),
(1759, 'McGrath', 'Shane', NULL, '116 Woodland Drive', 'Negaunee', 'MI', '49866', NULL, 'shazmack86@aol.com\r', NULL, 79, 'yes'),
(1758, 'Lamoureux', 'Jacques', NULL, '1322 Count Circle', 'Grand Forks', 'ND', '58201', NULL, 'jacqueslamoureux11@hotmail.com\r', NULL, 79, 'yes'),
(1757, 'Kent', 'Melissa', NULL, '10673 Maple View', 'Central Lake', 'MI', '49622', NULL, '\r', NULL, 79, 'yes'),
(1756, 'Kadzban', 'Doug', NULL, '6965 Cranford Avenue', 'Jenison', 'MI', '49428', NULL, 'dkadzban@iserv.net\r', NULL, 79, 'yes'),
(1755, 'Hoppe', 'Rachel', NULL, '4700 Achilla', 'Commerce Township', 'MI', '48382', NULL, '\r', NULL, 79, 'yes'),
(1754, 'Hoffmann', 'Kelsey', NULL, '1394 West Mason Ridge Court', 'Appleton', 'WI', '54913', NULL, 'kelseyjean21388@yahoo.com\r', NULL, 79, 'yes'),
(1753, 'Goodman', 'Sarah', NULL, '206 East Prospect Avenue', 'Lake Bluff', 'IL', '60044', NULL, 'c.a.goodman@comcast.net\r', NULL, 79, 'yes'),
(1752, 'Gonzales', 'Joseph', NULL, '10814 South 76th Avenue, #7', 'Worth', 'IL', '60482', NULL, 'jgonzale@nmu.edu\r', NULL, 79, 'yes'),
(1751, 'Dow', 'Anna-Louise', NULL, '36576 North Helen Drive', 'Lake Villa', 'IL', '60046', NULL, 'anna-dow@sbcglobal.net\r', NULL, 79, 'yes'),
(1750, 'Donovan', 'Kevin', NULL, '733 S. Elmwood', 'Oak Park', 'IL', '60304', NULL, 'kevgremlin@yahoo.com\r', NULL, 79, 'yes'),
(1749, 'Colyer', 'Abigail', NULL, '112 Calkins Road', 'Coldwater', 'MI', '49036', NULL, 'acolyer@nmu.edu\r', NULL, 79, 'yes'),
(1748, 'Baxter', 'Michelle', NULL, '2600 East Forest Street', 'Appleton', 'WI', '54915', NULL, 'socrchick8@hotmail.com\r', NULL, 79, 'yes'),
(1747, 'Anderson', 'Ryan', NULL, '148 Harrington Drive', 'Long Lake', 'MN', '55356', NULL, 'kris@horizonagency.com\r', NULL, 79, 'yes'),
(1746, 'Yorio', 'Steven', NULL, '435 West Thornapple Lane', 'Thiensville', 'WI', '53092', NULL, 'stevey2263@aol.com\r', NULL, 78, 'yes'),
(1745, 'Ryan', 'Kristine', NULL, '3020 Euclid Avenue', 'Berwyn', 'IL', '60402', NULL, 'krryan@nmu.edu\r', NULL, 78, 'yes'),
(1744, 'Nelson', 'Ramona', NULL, '2382 Newbedford', 'Troy', 'MI', '48085', NULL, 'ramona@loss2gain.com\r', NULL, 78, 'yes'),
(1743, 'Neaves', 'Richard', NULL, '3005 Dove Drive', 'Cooper City', 'FL', '33026', NULL, 'bigfeet251@yahoo.com\r', NULL, 78, 'yes'),
(1742, 'Morrison', 'Ashley', NULL, '1012 7th Avenue South', 'Escanaba', 'MI', '49829', NULL, '\r', NULL, 78, 'yes'),
(1741, 'Miller', 'Owen', NULL, '622 North Fourth Street', 'Marquette', 'MI', '49855', NULL, 'o_dawg2k@hotmail.com\r', NULL, 78, 'yes'),
(1740, 'Laurila', 'Matte', NULL, '157 Kivela Road', 'Negaunee', 'MI', '49866', NULL, 'mlaurila@nmu.edu\r', NULL, 78, 'yes'),
(1739, 'LaMarre', 'Kenneth', NULL, '120 E. Blair Street', 'Alpena', 'MI', '49707', NULL, 'lamarre8@verizon.net\r', NULL, 78, 'yes'),
(1738, 'Kasbow', 'Stacey', NULL, '9651 South River Road', 'Cheboygan', 'MI', '49721', NULL, 'trolls88@netzero.net\r', NULL, 78, 'yes'),
(1737, 'Johnston', 'Loren', NULL, '3191 Tryban Road', 'Cheboygan', 'MI', '49721', NULL, 'canam14@hotmail.com\r', NULL, 78, 'yes'),
(1736, 'Hilbrandt', 'Brett', NULL, '4131 Autumn Ridge', 'Saginaw', 'MI', '48603', NULL, 'swimtillyoudrop@yahoo.com\r', NULL, 78, 'yes'),
(1735, 'Fay', 'John', NULL, '227 Chandler', 'Romeo', 'MI', '48065', NULL, 'johnfay2@hotmail.com\r', NULL, 78, 'yes'),
(1734, 'Egner', 'Jerod', NULL, '385 Highway M-553', 'Marquette', 'MI', '49855', NULL, 'jaegner@gmail.com\r', NULL, 78, 'yes'),
(1733, 'Doyle', 'Aimee', NULL, '3 Evergreen Drive', 'Kincheloe', 'MI', '49788', NULL, 'aimeelou32@hotmail.com\r', NULL, 78, 'yes'),
(1732, 'DeVault', 'Nicholas', NULL, '8223 Allen Road', 'Clarkston', 'MI', '48348', NULL, 'devodawg23@aol.com\r', NULL, 78, 'yes'),
(1731, 'Corrion', 'Ioana', NULL, '10424 East Cole Road', 'Durand', 'MI', '48429', NULL, 'ircorrion@nmu.edu\r', NULL, 78, 'yes'),
(1730, 'Collins', 'Bethany', NULL, '55 M-35', 'Negaunee', 'MI', '49866', NULL, 'bcollins@nmu.edu\r', NULL, 78, 'yes'),
(1729, 'Collick', 'Neily', NULL, '3329 M-35', 'Negaunee', 'MI', '49866', NULL, 'necollic@nmu.edu\r', NULL, 78, 'yes'),
(1728, 'Cherry', 'Aaron', NULL, '142 Wintergreen Trail', 'Marquette', 'MI', '49855', NULL, 'acherry@nmu.edu\r', NULL, 78, 'yes'),
(1727, 'Budreau', 'Jessica', NULL, 'HC0-1, Box 222', 'Pelkie', 'MI', '49958', NULL, 'snowkitty_9@hotmail.com\r', NULL, 78, 'yes'),
(1726, 'Bassett', 'Heather', NULL, 'Box 872', 'Minocqua', 'WI', '54548', NULL, 'xcskibunny@hotmail.com\r', NULL, 78, 'yes'),
(1725, 'Avery', 'Scott', NULL, '2722 Wareing Drive', 'Lake Orion', 'MI', '48360', NULL, 'savery1988@yahoo.com\r', NULL, 78, 'yes'),
(1724, 'Alwine', 'Samantha', NULL, 'W4885 County Road 573', 'Vulcan', 'MI', '49892', NULL, 'sam_shonty_2006@hotmail.com\r', NULL, 78, 'yes'),
(1723, 'Witbeck', 'Cameron', NULL, '7827 E. Howard City Edmore Road', 'Vestaburg', 'MI', '48891', NULL, 'cwitbeck@nmu.edu\r', NULL, 77, 'yes'),
(1722, 'Wise', 'Brandy', NULL, '224 Dobson Place', 'Marquette', 'MI', '49855', NULL, 'redheadbrandy2003@yahoo.com\r', NULL, 77, 'yes'),
(1721, 'Wiebenga', 'Kacey', NULL, '1254 Graf Street', 'Muskegon', 'MI', '49442', NULL, 'kwieb06@aol.com\r', NULL, 77, 'yes'),
(1720, 'Webb', 'Matthew', NULL, '12219 Denton View Drive', 'Fenton', 'MI', '48430', NULL, 'watt_mebb@hotmail.com\r', NULL, 77, 'yes'),
(1719, 'Wakeham', 'Casey', NULL, '13499 Wall Street', 'Atlantic Mine', 'MI', '49905', NULL, 'bwakeham@gcfirst.com\r', NULL, 77, 'yes'),
(1718, 'Spalding', 'Hannah', NULL, '200 Canda Street', 'Ishpeming', 'MI', '49849', NULL, 'hspaldin@nmu.edu\r', NULL, 77, 'yes'),
(1717, 'Propati', 'Katie', NULL, '14009 Bonbury Lane', 'Orland Park', 'IL', '60462', NULL, 'skirat2000@aol.com\r', NULL, 77, 'yes'),
(1716, 'Pericolosi', 'Jacob', NULL, '1414 38th Avenue', 'Menominee', 'MI', '49858', NULL, '\r', NULL, 77, 'yes'),
(1715, 'Ohlson', 'Jessica', NULL, '640 B. Northwest Highway', 'Park Ridge', 'IL', '60068', NULL, 'jessica_ohlson@yahoo.com\r', NULL, 77, 'yes'),
(1714, 'Mitchell', 'Kaitlyn', NULL, 'R.R. 1, Box 317', 'Baraga', 'MI', '49908', NULL, 'kgm_21@hotmail.com\r', NULL, 77, 'yes'),
(1713, 'Magin', 'Collin', NULL, '9563 D Avenue, East', 'Richland', 'MI', '49083', NULL, 'reggie@jasnetworks.net\r', NULL, 77, 'yes'),
(1712, 'Laitinen', 'Amanda', NULL, '1305 County Road 545 South', 'Skandia', 'MI', '49885', NULL, 'Munky32287@tds.net\r', NULL, 77, 'yes'),
(1711, 'Kuhns', 'Matthew', NULL, '1606 South Park Street', 'Iron Mountain', 'MI', '49801', NULL, 'kuhns33m@yahoo.com\r', NULL, 77, 'yes'),
(1710, 'Henderson', 'Matthew', NULL, '1231 Eric Lane', 'Lake Zurich', 'IL', '60047', NULL, 'matthendo@comcast.net\r', NULL, 77, 'yes'),
(1709, 'Hemerson', 'Chad', NULL, '223 Marie Place', 'Orange', 'CA', '92868', NULL, 'chadwique1@aol.com\r', NULL, 77, 'yes'),
(1708, 'Goodman', 'Kylee', NULL, '175 Bjorkman Road', 'Iron River', 'MI', '49935', NULL, '\r', NULL, 77, 'yes'),
(1707, 'Garrock', 'Anthony', NULL, '982 East Dresden Street', 'Kalkaska', 'MI', '49646', NULL, 'a_garrock@yahoo.com\r', NULL, 77, 'yes'),
(1706, 'Gapinski', 'Nicole', NULL, '8536 Pine Road', 'Foley', 'MN', '56329', NULL, 'nigapins@nmu.edu\r', NULL, 77, 'yes'),
(1705, 'Frainey', 'Jessica', NULL, '19449 West Harvard Avenue', 'Mundelein', 'IL', '60060', NULL, 'jessicafrainey@yahoo.com\r', NULL, 77, 'yes'),
(1704, 'Chambers', 'Jordan', NULL, '1123 Birch Street', 'Hancock', 'MI', '49930', NULL, 'jochambe@nmu.edu\r', NULL, 77, 'yes'),
(1703, 'Bressette', 'Mallory', NULL, '9254 South Cork Road', 'Morrice', 'MI', '48857', NULL, 'mbrsstt@aol.com\r', NULL, 77, 'yes'),
(1702, 'Bellon', 'Meghan', NULL, '28200 Lakeview Circle', 'McHenry', 'IL', '60051', NULL, 'goosling18227@yahoo.com\r', NULL, 77, 'yes'),
(1701, 'Sullivan', 'Joseph', NULL, '1961 Prairie', 'Glenview', 'IL', '60025', NULL, 'josulliv@nmu.edu\r', NULL, 76, 'yes'),
(1700, 'Strong', 'Matthew', NULL, '230 West Nicolet Boulevard', 'Marquette', 'MI', '49855', NULL, 'lzeplin230@yahoo.com\r', NULL, 76, 'yes'),
(1699, 'Poulos', 'Taylor', NULL, '2607 Salix Circle', 'Naperville', 'IL', '60564', NULL, 'vintage3volcom@yahoo.com\r', NULL, 76, 'yes'),
(1698, 'Osborn', 'Rachel', NULL, '1320 South Wilcox Lane', 'Brimley', 'MI', '49715', NULL, 'sarah-elizabeth@hotmail.com\r', NULL, 76, 'yes'),
(1697, 'Oram', 'Elizabeth', NULL, '211 Second Street', 'Manton', 'MI', '49663', NULL, 'eoram@nmu.edu\r', NULL, 76, 'yes'),
(1696, 'Martin', 'Joseph', NULL, '531 Grandview Avenue', 'Spring Lake', 'MI', '49456', NULL, 'jopa201300@hotmail.com\r', NULL, 76, 'yes'),
(1695, 'Lewis', 'Jody', NULL, '711 South Pine Street', 'Ishpeming', 'MI', '49849', NULL, 'angelqt653@aol.com\r', NULL, 76, 'yes'),
(1694, 'Kortier', 'Anna', NULL, '300 Vernis Place', 'Rossford', 'OH', '43460', NULL, 'snowriderblue33@hotmail.com\r', NULL, 76, 'yes'),
(1693, 'Kolodenko', 'Robert', NULL, '318 Chateau Drive', 'Buffalo Grove', 'IL', '60089', NULL, 'dapiivip@yahoo.com\r', NULL, 76, 'yes'),
(1692, 'James', 'Chelsea', NULL, '231 Vicary Road', 'Leslie', 'MI', '49251', NULL, 'cjames1223@yahoo.com\r', NULL, 76, 'yes'),
(1691, 'Ilmanen', 'Mariisa', NULL, '928 Baldwin Avenue', 'Negaunee', 'MI', '49866', NULL, 'rissa5@hotmail.com\r', NULL, 76, 'yes'),
(1690, 'Hynes', 'James', NULL, '10016 167th Court W', 'Lakeville', 'MN', '55044', NULL, 'jhynes@frontiernet.net\r', NULL, 76, 'yes'),
(1689, 'Harper', 'Allison', NULL, 'P.O. Box 92', 'Channing', 'MI', '49815', NULL, 'sunkist_44_@hotmail.com\r', NULL, 76, 'yes'),
(1688, 'Harger', 'Valarie', NULL, '13692 Carnation Lane', 'Cedar Springs', 'MI', '49319', NULL, 'valarie_harger@yahoo.com\r', NULL, 76, 'yes'),
(1687, 'Goodrich', 'Kirsten', NULL, '85 Sixth Street', 'Mohawk', 'MI', '49950', NULL, 'k.goodie.06@gmail.com\r', NULL, 76, 'yes'),
(1686, 'Falvo', 'Theodora', NULL, '969 Bogie Lake Road', 'White Lake', 'MI', '48383', NULL, 'tedifalvo@yahoo.com\r', NULL, 76, 'yes'),
(1685, 'Clumpner', 'Ellisa', NULL, '902 High Street', 'Marquette', 'MI', '49855', NULL, 'minako03@hotmail.com\r', NULL, 76, 'yes'),
(1684, 'Bordak', 'Jaclyn', NULL, '213 Parkway Drive', 'South Milwaukee', 'WI', '53172', NULL, 'zoemae37@hotmail.com\r', NULL, 76, 'yes'),
(1683, 'Arbour', 'Justin', NULL, '423 Willis Road', 'Saline', 'MI', '48176', NULL, 'carbour5546@comcast.net\r', NULL, 76, 'yes'),
(1682, 'Alejandre', 'Marysol', NULL, '18112 South Springfield', 'Homewood', 'IL', '60430', NULL, 'marysolalejandre82006@yahoo.com\r', NULL, 76, 'yes'),
(1681, 'Wahl', 'Heather', NULL, '3456 Boyne NW', 'Grand Rapids', 'MI', '49544', NULL, 'hwahl@nmu.edu\r', NULL, 75, 'yes'),
(1680, 'Verbist', 'Jessica', NULL, 'W1710 Mosch Road', 'Tomahawk', 'WI', '54487', NULL, 'jverbist@nmu.edu\r', NULL, 75, 'yes'),
(1679, 'Styczynski', 'Savannah', NULL, '2476 Highway 23', 'Krakow', 'WI', '54137', NULL, 'myeight@netnet.net\r', NULL, 75, 'yes'),
(1678, 'Stevens', 'Amber', NULL, 'N6026 Lambie', 'DePere', 'WI', '54115', NULL, 'amsteven@nmu.edu\r', NULL, 75, 'yes'),
(1677, 'Ryan', 'Angela', NULL, '572 17th Avenue, NW', 'New Brighton', 'MN', '55112', NULL, 'aechix06@msn.com\r', NULL, 75, 'yes'),
(1676, 'Rodriguez', 'Melissa', NULL, '20909 Ely Avenue', 'Lakewood', 'CA', '90715', NULL, 'meisa313@yahoo.com\r', NULL, 75, 'yes'),
(1675, 'Ranta', 'Holly', NULL, '1420 11th Avenue', 'Green Bay', 'WI', '54304', NULL, 'hollycat1506@new.rr.com\r', NULL, 75, 'yes'),
(1674, 'Meeuwsen', 'Megan', NULL, '140 Pyle Drive North', 'Kingsford', 'MI', '49802', NULL, 'Megan_2006@hotmail.com\r', NULL, 75, 'yes'),
(1673, 'Massie', 'Katherine', NULL, 'Route 1, Box 304', 'Baraga', 'MI', '49908', NULL, 'massie29@hotmail.com\r', NULL, 75, 'yes'),
(1672, 'Kristola', 'Darcie', NULL, '47 Sandwood Drive', 'Marquette', 'MI', '49855', NULL, 'dkristol@nmu.edu\r', NULL, 75, 'yes'),
(1671, 'Isley', 'Erica', NULL, '7273 Morrison Road', 'Greenleaf', 'WI', '54126', NULL, 'kisley@msn.com\r', NULL, 75, 'yes'),
(1670, 'Hyry', 'Chelsee', NULL, '601 North Main', 'Ishpeming', 'MI', '49849', NULL, 'chelbells73@yahoo.com\r', NULL, 75, 'yes'),
(1669, 'Heys', 'Amanda', NULL, '2336 Midvale, NE', 'Grand Rapids', 'MI', '49505', NULL, 'la_vita_buona@yahoo.com\r', NULL, 75, 'yes'),
(1668, 'Guidone', 'Madeline', NULL, '724 Erie Avenue', 'Crystal Falls', 'MI', '49920', NULL, '\r', NULL, 75, 'yes'),
(1667, 'Frainey', 'Heather', NULL, '19449 West Harvard Avenue', 'Mundelein', 'IL', '60060', NULL, 'heatherfrainey@yahoo.com\r', NULL, 75, 'yes'),
(1666, 'Bennett', 'Alicia', NULL, 'P.O. Box 668', 'Mayville', 'MI', '48744', NULL, 'angelgirl06@hotmail.com\r', NULL, 75, 'yes'),
(1665, 'Battisfore', 'Jessica', NULL, '35934 River Road', 'Chassell', 'MI', '49916', NULL, 'jlynnbattisfore@hotmail.com\r', NULL, 75, 'yes'),
(1664, 'Barnett', 'Ashley', NULL, '5870 Oakwood Road', 'Ortonville', 'MI', '48462', NULL, 'bellalestrange13@aol.com\r', NULL, 75, 'yes'),
(1663, 'Baillargeon', 'Amber', NULL, '641 Pierce Court', 'Grayslake', 'IL', '60030', NULL, 'a.baillargeon@hotmail.com\r', NULL, 75, 'yes'),
(1662, 'Woodford', 'Michele', NULL, '18690 Greenview', 'Detroit', 'MI', '48219', NULL, 'onlychellers@yahoo.com\r', NULL, 74, 'yes'),
(1661, 'Weber', 'Nicholas', NULL, '1600 West Riley Road', 'Owosso', 'MI', '48867', NULL, '\r', NULL, 74, 'yes'),
(1660, 'Troyer', 'Amber', NULL, '2090 Church Street', 'Fairview', 'MI', '48621', NULL, 'amber_troyer66@yahoo.com\r', NULL, 74, 'yes'),
(1659, 'Stumpf', 'Nicole', NULL, 'W2620 Ruby Court', 'Appleton', 'WI', '54915', NULL, 'nmusicgrl@sbcglobal.net\r', NULL, 74, 'yes'),
(1658, 'Stevens', 'Micah', NULL, '7961 Highpointe Court', 'Woodbury', 'MN', '55125', NULL, 'revengasys101@gmail.com\r', NULL, 74, 'yes'),
(1657, 'Schmitz', 'LaCresha', NULL, '23192 Dogwood', 'Dollar Bay', 'MI', '49922', NULL, 'hookshot_42@hotmail.com\r', NULL, 74, 'yes'),
(1656, 'Rushford', 'Joel', NULL, '223 Duval Road', 'Fernandina', 'FL', '32034', NULL, 'one_and_only_Joel@yahoo.com\r', NULL, 74, 'yes'),
(1655, 'Przytulski', 'Allison', NULL, '9015 Park Drive', 'White Lake', 'MI', '48386', NULL, 'nprzytulski@comcast.net\r', NULL, 74, 'yes'),
(1654, 'Pamperin', 'Amanda', NULL, '1325 Wiesner Street', 'Green Bay', 'WI', '54304', NULL, 'teddybears4ever69@hotmail.com\r', NULL, 74, 'yes'),
(1653, 'Meehan', 'Sarah', NULL, 'W1396 County Road HH', 'Freemont', 'WI', '54940', NULL, 'toxicfire_0687@hotmail.com\r', NULL, 74, 'yes'),
(1652, 'Massey', 'Kayla', NULL, '910 East Main Street', 'Boyne City', 'MI', '49712', NULL, 'somethings_in_the_way@hotmail.com\r', NULL, 74, 'yes'),
(1651, 'Keranen', 'Laura', NULL, '9393 Steep Hollow Drive', 'White Lake', 'MI', '48386', NULL, 'ohneinichbinttot@yahoo.com\r', NULL, 74, 'yes'),
(1650, 'Kennedy', 'Tina', NULL, '2864 Alden Lane', 'Des Plaines', 'IL', '60018', NULL, 'tina_jai_13@hotmail.com\r', NULL, 74, 'yes'),
(1649, 'Jones', 'Thomas', NULL, '1190 Lalley Road', 'Iron River', 'MI', '49935', NULL, 'neverguess80@hotmail.com\r', NULL, 74, 'yes'),
(1648, 'Johnson', 'Amanda', NULL, '03716 POPS Road', 'Charlevoix', 'MI', '49720', NULL, 'raiders7@localnet.com\r', NULL, 74, 'yes'),
(1647, 'Jensen', 'Katie', NULL, '12244 Leos Road', 'Suring', 'WI', '54174', NULL, 'njensen@ez-net.com\r', NULL, 74, 'yes'),
(1646, 'Golden', 'Jeremy', NULL, '44 Maple Street', 'White Pine', 'MI', '49971', NULL, 'jegolden@nmu.edu\r', NULL, 74, 'yes'),
(1645, 'Elbe', 'Jessica', NULL, '3805 Bobwhite Lane', 'Rolling Meadows', 'IL', '60008', NULL, 'cheerinblonde9@aol.com\r', NULL, 74, 'yes'),
(1644, 'Connell', 'Meghan', NULL, '5006 Bromley', 'McHenry', 'IL', '60050', NULL, 'megamuff05@att.net\r', NULL, 74, 'yes'),
(1643, 'Clark', 'Tyler', NULL, '609 High Street', 'Marquette', 'MI', '49855', NULL, 'shiningraydee@hotmail.com\r', NULL, 74, 'yes'),
(1642, 'Chaffee', 'Marissa', NULL, '1102 Prospect Avenue', 'Iron Mountain', 'MI', '49801', NULL, 'pepperspray06@hotmail.com\r', NULL, 74, 'yes'),
(1641, 'Carlson', 'Janice', NULL, '767 Bates Amasa Road', 'Iron River', 'MI', '49935', NULL, 'jancarlson@hotmail.com\r', NULL, 74, 'yes'),
(1640, 'Beebe', 'Zachary', NULL, '2667 West Vernor Highway', 'Detroit', 'MI', '48216', NULL, 'cloud2388@aol.com\r', NULL, 74, 'yes'),
(1639, 'Barker', 'Jessica', NULL, '5451 North St. Highway M-77', 'Germfask', 'MI', '49836', NULL, 'blaneyscountrygirl@hotmail.com\r', NULL, 74, 'yes'),
(1638, 'Uebbing', 'Nicole', NULL, '1018 Woodbridge', 'Byron Center', 'MI', '49315', NULL, 'nkazz@yahoo.com\r', NULL, 73, 'yes'),
(1637, 'Totero', 'Anne', NULL, '6044 Mount Vernon Way', 'Racine', 'WI', '53406', NULL, 'atotero@hotmail.com\r', NULL, 73, 'yes'),
(1636, 'St. Onge', 'Emily', NULL, '426 Hoban Road', 'Mackinaw Island', 'MI', '49751', NULL, 'e_stonge_0124@hotmail.com\r', NULL, 73, 'yes'),
(1635, 'Sheppard', 'Christian', NULL, '2428 South Patterson', 'Shelbyville', 'MI', '49344', NULL, 'lsheppard@charter.net\r', NULL, 73, 'yes'),
(1634, 'Richmond', 'Jacob', NULL, 'W8729 Lynch Road', 'Iron Mountain', 'MI', '49801', NULL, 'richmond_07@hotmail.com\r', NULL, 73, 'yes'),
(1633, 'Murphy', 'Benjamin', NULL, '5009A Isle View Drive', 'Rhinelander', 'WI', '54501', NULL, 'ben_needs_a_nap@hotmail.com\r', NULL, 73, 'yes'),
(1632, 'Miller', 'Amber', NULL, '3329 Skyline Road', 'Lewiston', 'MI', '49756', NULL, 'crazy_tease2006@yahoo.com\r', NULL, 73, 'yes'),
(1631, 'McCarthy', 'Tyler', NULL, 'South 106 West 36490 Matthew Lane', 'Eagle', 'WI', '53119', NULL, 'vmccarthy@wi.rr.com\r', NULL, 73, 'yes'),
(1630, 'Mattas', 'Christopher', NULL, '900 Mine Street', 'Norway', 'MI', '49870', NULL, 'mmattas@msn.com\r', NULL, 73, 'yes'),
(1629, 'Lane', 'Alyse', NULL, '510 Bluff Street', 'Negaunee', 'MI', '49866', NULL, 'alyse8188@yahoo.com\r', NULL, 73, 'yes'),
(1628, 'Kozub', 'Meghan', NULL, '280 Pebblecreek Drive', 'Lake Zurich', 'IL', '60047', NULL, 'violin47918@yahoo.com\r', NULL, 73, 'yes'),
(1627, 'Kelly', 'Amber', NULL, '101 Timber Lane', 'Marquette', 'MI', '49855', NULL, '\r', NULL, 73, 'yes'),
(1626, 'Holladay', 'Chelsea', NULL, '118 Browning Drive', 'Howell', 'MI', '48843', NULL, 'chelsea_says_hello@hotmail.com\r', NULL, 73, 'yes'),
(1625, 'Hatton', 'Ryan', NULL, '18145 West Banbury Drive', 'Gurnee', 'IL', '60031', NULL, 'rhatton1987@comcast.net\r', NULL, 73, 'yes'),
(1624, 'Frankowski', 'Jessica', NULL, '7028 East Higgins Lake Drive', 'Roscommon', 'MI', '48653', NULL, 'jessicafrank_20@hotmail.com\r', NULL, 73, 'yes'),
(1623, 'Frame', 'Sarah', NULL, '4022 Bannon Road', 'Marshall', 'WI', '53559', NULL, 'sef61488@aol.com\r', NULL, 73, 'yes'),
(1622, 'Forssander', 'Jessica', NULL, '1 Hunters Path', 'Lake in the Hills', 'IL', '60156', NULL, 'jessis@hotmail.com\r', NULL, 73, 'yes'),
(1621, 'Edwards', 'Elise', NULL, 'W8145 Old Carney Lake Road', 'Iron Mountain', 'MI', '49801', NULL, 'horsechick9@hotmail.com\r', NULL, 73, 'yes'),
(1620, 'Cooley', 'Erin', NULL, '1221 Colgrove', 'Marshall', 'MI', '49068', NULL, 'davidcooley@amgreetings.com\r', NULL, 73, 'yes'),
(1619, 'Cogger', 'Catherine', NULL, '28745 South Maple Hill Road', 'Washburn', 'WI', '54891', NULL, 'catie_cogger@hotmail.com\r', NULL, 73, 'yes'),
(1618, 'Bond', 'Heather', NULL, 'E9020 Powell Lake Road', 'Wetmore', 'MI', '49895', NULL, 'taz_baby_20@hotmail.com\r', NULL, 73, 'yes'),
(1617, 'Boersema', 'Amanda', NULL, '3126 Meridian Line Road', 'Johannesburg', 'MI', '49751', NULL, 'speedy-volley6@hotmail.com\r', NULL, 73, 'yes'),
(1616, 'Young', 'Ann Marie', NULL, '22637 8 Mile Road', 'Muskego', 'WI', '53150', NULL, '\r', NULL, 72, 'yes'),
(1615, 'Van Coppenolle', 'Kevin', NULL, '8584 Ryn Road', 'Kenockee Township', 'MI', '48006', NULL, 'kvanhockey06@hotmail.com\r', NULL, 72, 'yes'),
(1614, 'Snyder', 'Amber', NULL, '3245 North Kilbourn', 'Chicago', 'IL', '60641', NULL, 'lt_amber_06@yahoo.com\r', NULL, 72, 'yes'),
(1613, 'Schlacht', 'Brandon', NULL, '34315 West Hill Drive', 'Chesterfield', 'MI', '48047', NULL, 'mama_kin_034@yahoo.com\r', NULL, 72, 'yes'),
(1612, 'Powell', 'Tarra', NULL, '2509 17th Avenue', 'Menominee', 'MI', '49858', NULL, 'tpee3@hotmail.com\r', NULL, 72, 'yes'),
(1611, 'Pinozek', 'Chelsea', NULL, '2514 South 21st Street', 'Escanaba', 'MI', '49829', NULL, 'pinorj30@baycollege.edu\r', NULL, 72, 'yes'),
(1610, 'Merten', 'Nichole', NULL, 'E6352 Snow Summit Road', 'Bessemer', 'MI', '49911', NULL, 'nmerten@nmu.edu\r', NULL, 72, 'yes'),
(1609, 'Krumm', 'Sarah', NULL, '170 Holiday Drive', 'Brooklyn', 'MI', '49230', NULL, 'tmk49230@earthlink.net\r', NULL, 72, 'yes'),
(1608, 'Kociolek', 'Elizabeth', NULL, '1420 Fernwood Drive', 'Oakland', 'CA', '94611', NULL, 'ekociolek@yahoo.com\r', NULL, 72, 'yes'),
(1607, 'Kerry', 'Shawn', NULL, '94 Jylha Drive', 'Negaunee', 'MI', '49866', NULL, 'skerrysieve@aol.com\r', NULL, 72, 'yes'),
(1606, 'Junak', 'Brandi', NULL, '101 Cambria Road', 'Negaunee', 'MI', '49866', NULL, 'bjunak1987@yahoo.com\r', NULL, 72, 'yes'),
(1605, 'Jarvis', 'Steve', NULL, 'W6315 Chapman Road', 'Niagara', 'WI', '54151', NULL, 'steve.a.jarvis@gmail.com\r', NULL, 72, 'yes'),
(1604, 'Holzgang', 'Albert', NULL, '221 E. Michigan Street', 'Marquette', 'MI', '49855', NULL, 'alholzhang@charter.net\r', NULL, 72, 'yes'),
(1603, 'Helminen', 'Amy', NULL, '400 Pewabic Street', 'Calumet', 'MI', '49913', NULL, 'amyhelminen@yahoo.com\r', NULL, 72, 'yes'),
(1602, 'Graham', 'Jessica', NULL, '9075 Dublin Way', 'Davison', 'MI', '48423', NULL, 'litlqtpie322@aol.com\r', NULL, 72, 'yes'),
(1601, 'Gauthier', 'Amanda', NULL, '1682 East Bellinger Road', 'Cedar', 'MI', '49621', NULL, 'roobee2@cs.com\r', NULL, 72, 'yes'),
(1600, 'DesArmo', 'Brent', NULL, '920 Lake Shore Boulevard', 'Cheboygan', 'MI', '49721', NULL, '\r', NULL, 72, 'yes'),
(1599, 'Crane', 'Cathlynn', NULL, '10643 Riverview', 'Kalamazoo', 'MI', '49080', NULL, 'your_princess06@yahoo.com\r', NULL, 72, 'yes'),
(1598, 'Casali', 'Micaela', NULL, '19835 William Street', 'Houghton', 'MI', '49931', NULL, 'ggandkk@aol.com\r', NULL, 72, 'yes'),
(1597, 'Caro', 'James', NULL, '7472 Westland', 'Jenison', 'MI', '49428', NULL, 'ccsportplayer@juno.com\r', NULL, 72, 'yes'),
(1596, 'Brandreth', 'Danielle', NULL, '34444 Barnum Drive', 'Sterling Heights', 'MI', '48312', NULL, 'danni32388@hotmail.com\r', NULL, 72, 'yes'),
(1595, 'Baker', 'Douglas', NULL, '555 Brookton Road', 'Marquette', 'MI', '49855', NULL, 'snoopdoug0415@aol.com\r', NULL, 72, 'yes'),
(1594, 'Zylstra', 'Jesse', NULL, '21504 Valencourt', 'Copemish', 'MI', '49625', NULL, 'frontier@acegroup.com\r', NULL, 71, 'yes'),
(1593, 'Wynsma', 'Thomas', NULL, '8556 Garbow Drive SE', 'Alto', 'MI', '49302', NULL, 'trunner14@msn.com\r', NULL, 71, 'yes'),
(1592, 'Williams', 'Stephen', NULL, '6448 South Talman Avenue', 'Chicago', 'IL', '60629', NULL, 'stephenwilliams17@gmail.com\r', NULL, 71, 'yes'),
(1591, 'Weidel', 'Michael', NULL, '19627 Inkster', 'Livonia', 'MI', '48152', NULL, 'shellcut00@hotmail.com\r', NULL, 71, 'yes'),
(1590, 'Voorheis', 'Keith', NULL, '6702 Delmonico Road', 'Clarkston', 'MI', '48346', NULL, 'creedvoo@msn.com\r', NULL, 71, 'yes'),
(1589, 'Sekrenes', 'Jeremy', NULL, '10492 Leann Drive', 'Clio', 'MI', '48420', NULL, 'jsekrene@nmu.edu\r', NULL, 71, 'yes'),
(1588, 'Parkinson', 'Andria', NULL, '7829 Willow Drive', 'Republic', 'MI', '49879', NULL, '\r', NULL, 71, 'yes'),
(1587, 'Lytle', 'Patrick', NULL, '4621 Long Lake Road', 'Cheboygan', 'MI', '49721', NULL, 'dlytle@triton.net\r', NULL, 71, 'yes'),
(1586, 'Locadia', 'Raven', NULL, '2020 47th Avenue, NE', 'Naples', 'FL', '34120', NULL, 'satinredhoses@yahoo.com\r', NULL, 71, 'yes'),
(1585, 'Ling', 'Marissa', NULL, '105 Erickson Drive', 'Iron River', 'MI', '49935', NULL, 'fairymagick06@yahoo.com\r', NULL, 71, 'yes'),
(1584, 'Leino', 'Michael', NULL, 'P.O. Box 417', 'Dollar Bay', 'MI', '49922', NULL, 'mleino@nmu.edu\r', NULL, 71, 'yes'),
(1583, 'Hill', 'Matthew', NULL, '310 Tindle', 'Pellston', 'MI', '48769', NULL, 'mhill54@gmail.com\r', NULL, 71, 'yes'),
(1582, 'Gadzinski', 'Katelyn', NULL, '1600 Kimber Avenue', 'Marquette', 'MI', '49855', NULL, 'kgadzinski@hotmail.com\r', NULL, 71, 'yes'),
(1581, 'Fuller', 'Cameron', NULL, '1125 South Adams, #603', 'Fredericksburg', 'TX', '78624', NULL, 'thailandbound_06@yahoo.com\r', NULL, 71, 'yes'),
(1580, 'Esterkamp', 'Lanham', NULL, '5210 Meyers Lane', 'Cincinnati', 'OH', '45242', NULL, 'brendatrickey@yahoo.com\r', NULL, 71, 'yes'),
(1579, 'Davenport', 'Addison', NULL, 'P.O. Box 23', 'Mancelona', 'MI', '49659', NULL, 'adiben2006_drw@hotmail.com\r', NULL, 71, 'yes'),
(1578, 'Canchola', 'Chris', NULL, '1060 West Ridge Street', 'Marquette', 'MI', '49855', NULL, '\r', NULL, 71, 'yes'),
(1577, 'Brennan', 'Edward', NULL, '5148 Ridge Trail South', 'Clarkston', 'MI', '48348', NULL, 'lynda.j.brennan@bankofamerica.com\r', NULL, 71, 'yes'),
(1576, 'Bischoff', 'Jason', NULL, '8550 South Straits Highway', 'Wolverine', 'MI', '49799', NULL, 'jbischof@nmu.edu\r', NULL, 71, 'yes'),
(1575, 'Beadle', 'Bethany', NULL, '3855 North Hartford Drive', 'Saginaw', 'MI', '48603', NULL, 'beadlebug42688@hotmail.com\r', NULL, 71, 'yes'),
(1574, 'Zimmerman', 'Daniel', NULL, '2015 Forres Avenue', 'St. Joseph', 'MI', '49085', NULL, 'jzimm@remc11.k12.mi.us\r', NULL, 70, 'yes'),
(1573, 'Randolph', 'Jessica', NULL, '110 First Street', 'Baraboo', 'WI', '53913', NULL, 'G_I_Jane_2001@hotmail.com\r', NULL, 70, 'yes'),
(1572, 'Petroelje', 'Tyler', NULL, '14885 Van Buren', 'West Olive', 'MI', '49460', NULL, 'tpetroel@nmu.edu\r', NULL, 70, 'yes'),
(1571, 'Niemi', 'Chelsea', NULL, '209 New Bristol Road', 'Crystal Falls', 'MI', '49920', NULL, 'yoopergirl209@hotmail.com\r', NULL, 70, 'yes'),
(1570, 'Leahy', 'Elizabeth', NULL, '403 Division Street', 'Marshall', 'MI', '49068', NULL, 'kersplonk7@aol.com\r', NULL, 70, 'yes'),
(1569, 'Jeter', 'Julian', NULL, '1345 Dean Avenue, NE', 'Grand Rapids', 'MI', '49505', NULL, 'j_hawk0024@yahoo.com\r', NULL, 70, 'yes'),
(1568, 'Huhtasaari', 'Kaila', NULL, '20260 Old School Lane', 'Pelkie', 'MI', '49958', NULL, 'kay_anne33@hotmail.com\r', NULL, 70, 'yes'),
(1567, 'Hartley', 'Matthew', NULL, '7750 Dallas Lane North', 'Maple Grove', 'MN', '55311', NULL, 'twinswinmh@hotmail.com\r', NULL, 70, 'yes'),
(1566, 'Del Zoppo', 'David', NULL, '1140 North Wagner Road', 'Ann Arbor', 'MI', '48103', NULL, 'tslashdz@yahoo.com\r', NULL, 70, 'yes'),
(1565, 'DeJager', 'Brian', NULL, '1903 Wicklow Road', 'Naperville', 'IL', '60564', NULL, 'brian@dejagers.net\r', NULL, 70, 'yes'),
(1564, 'Buzzell', 'James', NULL, '6112 Proctor Avenue', 'Kalamazoo', 'MI', '49048', NULL, 'jbuzzell@nmu.edu\r', NULL, 70, 'yes'),
(1563, 'White', 'Jessica', NULL, '11298 North Jennings Road', 'Clio', 'MI', '48420', NULL, 'jessielsays@aol.com\r', NULL, 69, 'yes'),
(1562, 'Webbert', 'Lindsay', NULL, '1214 Heather Drive', 'Holland', 'MI', '49423', NULL, 'scottysjenn@juno.com\r', NULL, 69, 'yes'),
(1561, 'Urbain', 'Kadie', NULL, '16011 Brant Road', 'Brant', 'MI', '48614', NULL, 'peaches4u422@yahoo.com\r', NULL, 69, 'yes'),
(1560, 'Sturos', 'Celia', NULL, '10107 Fairlane', 'South Lyon', 'MI', '48178', NULL, 'celia_sturos@hotmail.com\r', NULL, 69, 'yes'),
(1559, 'Stauber', 'Alisyn', NULL, '230 South Prospect Street, Apt. C', 'Marengo', 'IL', '60152', NULL, 'alistaub13@hotmail.com\r', NULL, 69, 'yes'),
(1558, 'Spagnolo', 'Sheenah', NULL, '1007 Braastads Road', 'Ishpeming', 'MI', '49849', NULL, 'mksport76@aol.com\r', NULL, 69, 'yes'),
(1557, 'Ridge', 'Hannah', NULL, '770 Hull Road', 'Anoka', 'MN', '55303', NULL, 'hridge@nmu.edu\r', NULL, 69, 'yes'),
(1556, 'Richards', 'Steven', NULL, '1003 Lakeshore Drive', 'Escanaba', 'MI', '49829', NULL, 'r1ch8rds@yahoo.com\r', NULL, 69, 'yes'),
(1555, 'Rector', 'Steffani', NULL, '811 Grove Street', 'Marquette', 'MI', '49855', NULL, '\r', NULL, 69, 'yes'),
(1554, 'Poupore', 'Amanda-Jo', NULL, 'W3864 County Road 380', 'Carney', 'MI', '49812', NULL, 'jo_poup_12@hotmail.com\r', NULL, 69, 'yes'),
(1553, 'Pococke', 'Amy', NULL, '70 Hiawatha  Drive', 'Mount Pleasant', 'MI', '48858', NULL, 'padame91210@hotmail.com\r', NULL, 69, 'yes'),
(1552, 'Pestka', 'Kirsten', NULL, '411 River Street', 'Ontonagon', 'MI', '49953', NULL, 'glitter_vision@yahoo.com\r', NULL, 69, 'yes'),
(1551, 'Lefebvre', 'Krista', NULL, '597 County Road 545', 'Marquette', 'MI', '49855', NULL, '\r', NULL, 69, 'yes'),
(1550, 'Kutchie', 'Kaylyn', NULL, '590 Jasper', 'Ishpeming', 'MI', '49849', NULL, 'kkutchie23@hotmail.com\r', NULL, 69, 'yes'),
(1549, 'Koivisto', 'Megan', NULL, '430 Ninth Street East', 'Cokato', 'MN', '55321', NULL, 'megankoivisto@hotmail.com\r', NULL, 69, 'yes'),
(1548, 'Koivisto', 'Kathleen', NULL, '4536 County Road 4', 'Cokato', 'MN', '55321', NULL, 'kathkoiv@hotmail.com\r', NULL, 69, 'yes'),
(1547, 'Groshek', 'Jennifer', NULL, '5554 Jefferson Street', 'Stevens Point', 'WI', '54481', NULL, '\r', NULL, 69, 'yes'),
(1546, 'Cody', 'Jenna', NULL, '37928 County Road 581', 'Ishpeming', 'MI', '49849', NULL, 'jennacody@hotmail.com\r', NULL, 69, 'yes'),
(1545, 'Cattron', 'Amanda', NULL, '160 North Bertrand Lake Road', 'Gwinn', 'MI', '49841', NULL, 'acattron@chartermi.net\r', NULL, 69, 'yes'),
(1544, 'Carver', 'Ashley', NULL, '34 Blueridge Street', 'Marquette', 'MI', '49855', NULL, 'acarver@nmu.edu\r', NULL, 69, 'yes'),
(1543, 'Brown', 'Sara', NULL, '2083 Secretariat Lane', 'St. Johns', 'MI', '48879', NULL, 'davebrown@chartermi.net\r', NULL, 69, 'yes'),
(1542, 'Biehl', 'Nicole', NULL, 'N6030 State Highway 180', 'Marinette', 'WI', '54143', NULL, 'nicolebiehl@hotmail.com\r', NULL, 69, 'yes'),
(1541, 'Anttila', 'Amanda', NULL, '2308 Presque Isle Avenue', 'Marquette', 'MI', '49855', NULL, 'ajanttila@hotmail.com\r', NULL, 69, 'yes'),
(1540, 'Anderson', 'Felicia', NULL, 'N4282 Powell Lake Road', 'Wetmore', 'MI', '49895', NULL, 'anderson_kay_5@hotmail.com\r', NULL, 69, 'yes'),
(1539, 'Whitfield', 'Courtney', NULL, '1210 South Wenona', 'Bay City', 'MI', '48706', NULL, 'prncess11588@aol.com\r', NULL, 68, 'yes'),
(1538, 'Mosher', 'Whitney', NULL, '1301 East 18th Street', 'Sterling', 'IL', '61081', NULL, 'whitters_15@yahoo.com\r', NULL, 68, 'yes'),
(1537, 'Meyer', 'Rori', NULL, '7767 Hidden Ridge Court', 'Hudsonville', 'MI', '49426', NULL, 'richardmeyer@mac.com\r', NULL, 68, 'yes'),
(1536, 'Merrill', 'Melissa', NULL, '472 Blemhuber Avenue', 'Marquette', 'MI', '49855', NULL, 'steinbean38@hotmail.com\r', NULL, 68, 'yes'),
(1535, 'Kurian', 'Elizabeth', NULL, '561 Silver Creek Road', 'Marquette', 'MI', '49855', NULL, 'elkurian@hotmail.com\r', NULL, 68, 'yes'),
(1534, 'Kenok', 'Nancy', NULL, '18127 Center Avenue', 'Homewood', 'IL', '60430', NULL, 'nancywuvsyou@comcast.net\r', NULL, 68, 'yes'),
(1533, 'Kelly', 'Audra', NULL, '445 Spring Ridge Drive', 'Crystal Lake', 'IL', '60012', NULL, 'kiki4u_17@hotmail.com\r', NULL, 68, 'yes'),
(1532, 'Jacobs', 'Shantina', NULL, '34 South Roberts Road', 'Grayling', 'MI', '49738', NULL, 'shantina06@hotmail.com\r', NULL, 68, 'yes'),
(1531, 'Huber', 'Scott', NULL, '180 Glenburnie', 'Clarkston', 'MI', '48346', NULL, 'skifreak316@sbcglobal.net\r', NULL, 68, 'yes'),
(1530, 'Hopkins', 'Kyle', NULL, 'N 2091 Stonecliff Drive', 'Vulcan', 'MI', '49892', NULL, 'jebus212@hotmail.com\r', NULL, 68, 'yes'),
(1529, 'Holtz', 'Jennie', NULL, '1510 West Ridge Street', 'Marquette', 'MI', '49855', NULL, 'holtzfams@tourvilles.com\r', NULL, 68, 'yes'),
(1528, 'Helwig', 'Rachel', NULL, '3572 County Road 140', 'Barnum', 'MN', '55707', NULL, 'ilmen_02543@hotmail.com\r', NULL, 68, 'yes'),
(1527, 'Hannink', 'Benjamin', NULL, '1819 Plymouth Terrace', 'Grand Rapids', 'MI', '49506', NULL, 'jumpingben@gmail.com\r', NULL, 68, 'yes'),
(1526, 'Faucett', 'Victoria', NULL, '2300 River Street', 'Niagara', 'WI', '54151', NULL, 'vickles_06@hotmail.com\r', NULL, 68, 'yes'),
(1525, 'Ekdahl', 'Katie', NULL, '5268 Boston Road', 'Hancock', 'MI', '49930', NULL, 'kate_ekdahl@hotmail.com\r', NULL, 68, 'yes'),
(1524, 'Dessellier', 'Jaclyn', NULL, '177720 Springbrook Lane', 'Atlantic Mine', 'MI', '49905', NULL, 'iadd_06@hotmail.com\r', NULL, 68, 'yes'),
(1523, 'Costello', 'Amanda', NULL, '1212 City Drive', 'Ann Arbor', 'MI', '48103', NULL, 'w5cllo@aol.com\r', NULL, 68, 'yes'),
(1522, 'Codere', 'Ashley', NULL, '51651 Tamarack Street', 'Hubbell', 'MI', '49934', NULL, 'pcodere@chartermi.net\r', NULL, 68, 'yes'),
(1521, 'Carson', 'Ivy', NULL, '8774 Orangelawn Street', 'Detroit', 'MI', '48204', NULL, 'itgurl_802@yahoo.com\r', NULL, 68, 'yes'),
(1520, 'Bivins', 'Amanda', NULL, '3341 County Road FK', 'Champion', 'MI', '49814', NULL, 'abivins@nmu.edu\r', NULL, 68, 'yes'),
(1519, 'Berzins', 'Emilia', NULL, '10254 Stadium Drive', 'Kalamazoo', 'MI', '49009', NULL, 'icekitty333@ameritech.net\r', NULL, 68, 'yes'),
(1518, 'Beachum', 'Jessica', NULL, '753 Abbey Mill Court, SE', 'Ada', 'MI', '49301', NULL, 'jcbrokaw@comcast.net\r', NULL, 68, 'yes'),
(1517, 'Banks', 'Danielle', NULL, '11444 South Carpenter', 'Chicago', 'IL', '60643', NULL, 'dannygurrl06@yahoo.com\r', NULL, 68, 'yes'),
(1516, 'West', 'Lindsay', NULL, '9105 Somerset', 'Detroit', 'MI', '48224', NULL, 'lwest@nmu.edu\r', NULL, 67, 'yes'),
(1515, 'Weber', 'Molly', NULL, '2278S Little Harbor Road', 'Manistique', 'MI', '49854', NULL, 'moweber@nmu.edu\r', NULL, 67, 'yes'),
(1514, 'Swanson', 'Amanda', NULL, '526 Iron Street', 'Norway', 'MI', '49870', NULL, 'mandyswan87@yahoo.com\r', NULL, 67, 'yes'),
(1513, 'Stevens', 'Jenna', NULL, '1820 Maidstone Circle', 'Green Bay', 'WI', '54313', NULL, 'jstevens787@yahoo.com\r', NULL, 67, 'yes'),
(1512, 'Secord', 'Tara', NULL, '5386 Oley Lake Road', 'Gaylord', 'MI', '49735', NULL, 'tara13_a@yahoo.com\r', NULL, 67, 'yes'),
(1511, 'Rychlinski', 'Lindsay', NULL, '26510 Bryan', 'Dearborn Heights', 'MI', '48127', NULL, 'Lindsay_Lu_06@hotmail.com\r', NULL, 67, 'yes'),
(1510, 'Russell', 'Courtney', NULL, '12788 Castle Pines Drive', 'Charlevoix', 'MI', '49720', NULL, 'courtcourt06@hotmail.com\r', NULL, 67, 'yes'),
(1509, 'Rosenzweig', 'Brittney', NULL, '628 Penn Boulevard', 'Lindenhurst', 'IL', '60046', NULL, 'browenzw@nmu.edu\r', NULL, 67, 'yes'),
(1508, 'Ridgway', 'Lexie', NULL, '15571 3950th Street', 'Bloomingdale', 'MI', '49026', NULL, 'idratherb4wheeling@hotmail.com\r', NULL, 67, 'yes'),
(1507, 'Reinhardt', 'Susan', NULL, '25175 West Point Drive', 'Mattawan', 'MI', '49071', NULL, 'susi2006@aol.com\r', NULL, 67, 'yes'),
(1506, 'Nordeman', 'Megan', NULL, '602 Adams Street', 'Crystal Falls', 'MI', '49920', NULL, 'mnordeman@fptrojans.org\r', NULL, 67, 'yes'),
(1505, 'Neyrinck', 'Katie', NULL, '171 Hermitage Trail', 'Crystal Falls', 'MI', '49920', NULL, 'kneyrinc@nmu.edu\r', NULL, 67, 'yes'),
(1504, 'Mendez', 'Mary', NULL, '5874 Morse LK Avenue', 'Alto', 'MI', '49302', NULL, 'mendezfarm@aol.com\r', NULL, 67, 'yes'),
(1503, 'McIntyre', 'Molly', NULL, '9507 W. Shenandoah', 'Brimley', 'MI', '49715', NULL, 'mollymolly2323@hotmail.com\r', NULL, 67, 'yes'),
(1502, 'Krebs', 'Kelsey', NULL, '4026 Washington Road, Apt. 108', 'Kenosha', 'WI', '53144', NULL, 'softballcutie_kk@yahoo.com\r', NULL, 67, 'yes'),
(1501, 'Kaszuba', 'Nicole', NULL, '1922 Indian Point Road', 'Oshkosh', 'WI', '54901', NULL, '\r', NULL, 67, 'yes'),
(1500, 'Hruby', 'Amber', NULL, '1042 South Seventy Street', 'DePere', 'WI', '54115', NULL, '\r', NULL, 67, 'yes'),
(1499, 'Hoffiz', 'Jennifer', NULL, '2909 Mook Lake Drive', 'West Bloomfield', 'MI', '48323', NULL, 'jennyfur523@aol.com\r', NULL, 67, 'yes'),
(1498, 'Grengs', 'Nicole', NULL, '1100 McClellan Avenue', 'Marquette', 'MI', '49855', NULL, 'gringo4234@hotmail.com\r', NULL, 67, 'yes'),
(1497, 'Elliott', 'Hayley', NULL, '1315 Blanchard', 'Wyoming', 'MI', '49509', NULL, 'pamfun6@comcast.net\r', NULL, 67, 'yes'),
(1496, 'Desotell', 'Kerri', NULL, 'N1274 U.S. 41', 'Menominee', 'MI', '49858', NULL, 'little_d758@hotmail.com\r', NULL, 67, 'yes'),
(1495, 'Collier', 'Jennifer', NULL, '13250 Funk Road', 'Hillman', 'MI', '49746', NULL, 'j_chic_2006@hotmail.com\r', NULL, 67, 'yes'),
(1494, 'Cempel', 'Sarah', NULL, '12144 Thomas Court', 'Mokena', 'IL', '60448', NULL, 'SarahCempel@aol.com\r', NULL, 67, 'yes'),
(1493, 'Bylsma', 'Quinn', NULL, '2101 Clover Drive, NW', 'Grand Rapids', 'MI', '49504', NULL, 'quinndizzle@gmail.com\r', NULL, 67, 'yes'),
(1492, 'Burke', 'Lara', NULL, '5907 Old Coach Road', 'Wausau', 'WI', '54401', NULL, 'lariebeth2003@yahoo.com\r', NULL, 67, 'yes'),
(1491, 'Besaw', 'Jessica', NULL, '3320 W 231', 'Lowell', 'IN', '46356', NULL, 'jsbesaw27@yahoo.com\r', NULL, 67, 'yes'),
(1490, 'Wright', 'Jacqueline', NULL, '15683 East Golden Eagle Boulevard', 'Fountain Hills', 'AZ', '85268', NULL, 'jacwrigh@nmu.edu\r', NULL, 65, 'yes'),
(1489, 'Winton', 'Shaun', NULL, '4035 Washington Crescent', 'Troy', 'MI', '48085', NULL, 'swinton@yahoo.com\r', NULL, 65, 'yes'),
(1488, 'Vogt', 'Rachel', NULL, '802 South East Avenue', 'Waukesha', 'WI', '53186', NULL, 'raej_06@hotmail.com\r', NULL, 65, 'yes'),
(1487, 'Sherman-Jones', 'Teresa', NULL, 'E3740 26th Road', 'Limestone', 'MI', '49816', NULL, 'tsherman@nmu.edu\r', NULL, 65, 'yes'),
(1486, 'Shelton', 'Robert', NULL, '1447 Washington Heights', 'Ann Arbor', 'MI', '48104', NULL, 'rshelton2.stu@wccnet.edu\r', NULL, 65, 'yes'),
(1485, 'Romain', 'Justin', NULL, '752 Englewood Drive', 'Rochester Hills', 'MI', '48309', NULL, 'jromain@nmu.edu\r', NULL, 65, 'yes'),
(1484, 'Puroll', 'Steven', NULL, '7889 South Eston', 'Clarkston', 'MI', '48348', NULL, 'spuroll@nmu.edu\r', NULL, 65, 'yes'),
(1483, 'Pinzl', 'John', NULL, '5395 County Highway FF', 'Mercer', 'WI', '54547', NULL, 'jp_020988@hotmail.com\r', NULL, 65, 'yes'),
(1482, 'Pelletier', 'Madison', NULL, '26091 Cameo Court', 'Madison Heights', 'MI', '48071', NULL, 'apple8871@hotmail.com\r', NULL, 65, 'yes'),
(1481, 'Munoz', 'Esther', NULL, '611 W. Slocum Lake Road', 'Wauconda', 'IL', '60084', NULL, 'esther@chi-town.com\r', NULL, 65, 'yes'),
(1480, 'Miller', 'Shannon', NULL, '1555 South Little Perch Lake Road', 'Ishpeming', 'MI', '49849', NULL, 'shmiller@nmu.edu\r', NULL, 65, 'yes'),
(1479, 'Merkel', 'Woodrow', NULL, '910 McCandless Street', 'Sault Ste. Marie', 'MI', '49783', NULL, 'wtmerkel@sbcglobal.net\r', NULL, 65, 'yes'),
(1478, 'Mallum', 'Matthew', NULL, 'N11236 Vanderhagen Road', 'Ironwood', 'MI', '49938', NULL, 'mmallum@nmu.edu\r', NULL, 65, 'yes'),
(1477, 'Mahoney', 'Devin', NULL, '981 Valley Road', 'Marquette', 'MI', '49855', NULL, 'thegostache@yahoo.com\r', NULL, 65, 'yes'),
(1476, 'Lincoln', 'Nickolas', NULL, '529 North 4th Street', 'L''Anse', 'MI', '49946', NULL, 'ssj5_nick@hotmail.com\r', NULL, 65, 'yes'),
(1475, 'Limesand', 'Joshua', NULL, '1065 Baldwin Circle', 'Apple Valley', 'MN', '55124', NULL, 'limesand@frontiernet.net\r', NULL, 65, 'yes'),
(1474, 'Johnson', 'Stephanie', NULL, '1151 Boughton Street', 'Watertown', 'WI', '53094', NULL, '06808@mail.goslings.org\r', NULL, 65, 'yes'),
(1473, 'Jedlicka', 'Tyler', NULL, '9750 Gast Road', 'Bridgman', 'MI', '49106', NULL, 'varukers45@yahoo.com\r', NULL, 65, 'yes'),
(1472, 'Hartzell', 'Lacee', NULL, '3635 Saunders Road, SE', 'Kalkaska', 'MI', '49646', NULL, 'allisonh@gtlakes.com\r', NULL, 65, 'yes'),
(1471, 'Goodwin', 'Amanda', NULL, '35541 Melcher Avenue', 'Warrenville', 'IL', '60555', NULL, 'jrocksoloist19@comcast.net\r', NULL, 65, 'yes'),
(1470, 'Cladas', 'Karen', NULL, 'P.O. Box 27', 'Pelkie', 'MI', '49958', NULL, 'kcladas@nmu.edu\r', NULL, 65, 'yes'),
(1469, 'Andersons', 'Richard', NULL, '56002 60th Avenue', 'Lawrence', 'MI', '49064', NULL, 'nuclear2000@hotmail.com\r', NULL, 65, 'yes'),
(1468, 'Wiseman', 'Craig', NULL, '327 County Road 480', 'Marquette', 'MI', '49855', NULL, 'wizeman62@aol.com\r', NULL, 64, 'yes'),
(1467, 'Weissgerber', 'Bradley', NULL, 'W5280 Willow Road', 'Menominee', 'MI', '49858', NULL, 'bweissge@nmu.edu\r', NULL, 64, 'yes'),
(1466, 'Wagner', 'Richard', NULL, '3285 Behnke Road', 'Gaylord', 'MI', '49735', NULL, 'waggster2000@yahoo.com\r', NULL, 64, 'yes'),
(1465, 'Ungari', 'Nicholas', NULL, '4 Normandy Court', 'Cary', 'IL', '60013', NULL, 'ungari7@comcast.net\r', NULL, 64, 'yes'),
(1464, 'Stone, Jr.', 'David', NULL, '3799 Manchester', 'Traverse City', 'MI', '49686', NULL, 'stupidvegetarzan@hotmail.com\r', NULL, 64, 'yes'),
(1463, 'Smith', 'Austin', NULL, '457 Pearl Street', 'Birnamwood', 'WI', '54414', NULL, 'smithcca@charter.net\r', NULL, 64, 'yes'),
(1462, 'Preiss', 'Kaleb', NULL, '203 River Street', 'Rockland', 'MI', '49960', NULL, '\r', NULL, 64, 'yes'),
(1461, 'Nimsgern', 'Justin', NULL, '7495 Trailwood Drive', 'Minocqua', 'WI', '54548', NULL, 'nimsgern@verizon.net\r', NULL, 64, 'yes'),
(1460, 'Mantz', 'Robert', NULL, '4527 Marseilles Court', 'Mequon', 'WI', '53092', NULL, 'mtbiker4092 @yahoo.com\r', NULL, 64, 'yes'),
(1459, 'LaForce', 'Garrett', NULL, '277 Cypress Lane', 'Libertyville', 'IL', '60048', NULL, 'laphish@aol.com\r', NULL, 64, 'yes'),
(1458, 'Jensen', 'Joshua', NULL, '38 Lippincott Road', 'Fox Lakes', 'IL', '60020', NULL, 'jojensen@nmu.edu\r', NULL, 64, 'yes'),
(1457, 'Herman', 'Benjamin', NULL, '2252 S. Pineview Road', 'Suttons Bay', 'MI', '49682', NULL, 'hermanator09@earthlink.net\r', NULL, 64, 'yes'),
(1456, 'Borleske', 'Jacob', NULL, 'S1752 Lark Road', 'Wisconsin Dells', 'WI', '53965', NULL, 'J_a_k_e_b@hotmail.com\r', NULL, 64, 'yes'),
(1455, 'Becker', 'John', NULL, '15W355 Lexington Street', 'Elmhurst', 'IL', '60126', NULL, 'jbecker@nmu.edu\r', NULL, 64, 'yes'),
(1454, 'Babcock', 'Aaron', NULL, '345 County Road', 'Negaunee', 'MI', '49866', NULL, 'deedeegee1967@aol.com\r', NULL, 64, 'yes'),
(1453, 'Aepelbacher', 'Christopher', NULL, '9305 Metz Road', 'East Jordan', 'MI', '49727', NULL, 'caepel@hotmail.com\r', NULL, 64, 'yes'),
(1452, 'Wood-Taylor', 'Chelsea', NULL, '545 Wakefield Avenue', 'Fond du Lac', 'WI', '54935', NULL, 'czome9@netscape.net\r', NULL, 63, 'yes'),
(1451, 'Wittman', 'Brandon', NULL, '3 Mulberry Court', 'Appleton', 'WI', '54913', NULL, 'sjwitt@athenet@net\r', NULL, 63, 'yes'),
(1450, 'Westphal', 'Cassandra', NULL, '298 Acacia Place, Apt. 103', 'Honolulu', 'HI', '96818', NULL, 'sassw13@hotmail.com\r', NULL, 63, 'yes'),
(1449, 'Vopat', 'Joshua', NULL, '2809 County Road 1', 'Wrenshall', 'MN', '55797', NULL, 'antiprep88320@yahoo.com\r', NULL, 63, 'yes'),
(1448, 'Tozer', 'Justine', NULL, '3581 Ontario', 'Grayling', 'MI', '49738', NULL, 'hurdlequeen16@hotmail.com\r', NULL, 63, 'yes'),
(1447, 'Tidwell', 'Shannon', NULL, '600 Ames Court', 'Bay City', 'MI', '48708', NULL, 's_tidwel06@excite.com\r', NULL, 63, 'yes'),
(1446, 'Tessmer', 'Stephen', NULL, '16306 Almont Road', 'Allenton', 'MI', '48002', NULL, 'tessmer_cmc06@yahoo.com\r', NULL, 63, 'yes');
INSERT INTO `Students` (`id`, `lname`, `fname`, `mname`, `street`, `city`, `state`, `zip`, `phone`, `email`, `nmuin`, `block_id`, `evaluated`) VALUES (1445, 'Stahlmann', 'Lindsey', NULL, '1068 Suncliff Drive', 'Ishpeming', 'MI', '49849', NULL, 'lindz218@hotmail.com\r', NULL, 63, 'yes'),
(1444, 'Savoie', 'Stephanie', NULL, '91 East Mile Road', 'Sault Ste. Marie', 'MI', '49783', NULL, 'stsavoie@nmu.edu\r', NULL, 63, 'yes'),
(1443, 'Rothe', 'Ian', NULL, '11434 Fantasy Drive', 'Frederic', 'MI', '49733', NULL, 'irothe@nmu.edu\r', NULL, 63, 'yes'),
(1442, 'Reske', 'Sarah', NULL, '6599 Robb', 'Fowlerville', 'MI', '48836', NULL, 'FrgSARS@aol.com\r', NULL, 63, 'yes'),
(1441, 'Mills', 'Sean', NULL, 'P.O. Box 384', 'Boyne Falls', 'MI', '49713', NULL, 'dmills3442@charter.net\r', NULL, 63, 'yes'),
(1440, 'McAlpine', 'Berea', NULL, '21650 Behrendt', 'Warren', 'MI', '48091', NULL, 'lilduckysmooches@aol.com\r', NULL, 63, 'yes'),
(1439, 'Lipp', 'Laura', NULL, '16925 Broadview', 'East Lansing', 'MI', '48823', NULL, 'daytwah88@hotmail.com\r', NULL, 63, 'yes'),
(1438, 'Korhonen', 'Jessica', NULL, '135 Hope Mine Road', 'Crystal Falls', 'MI', '49920', NULL, 'gurl_from_heaven06@hotmail.com\r', NULL, 63, 'yes'),
(1437, 'Kean', 'Ryan', NULL, '9862 Pope Lane', 'Brighton', 'MI', '48116', NULL, 'keansenses55@aim.com\r', NULL, 63, 'yes'),
(1436, 'Hildebrandt', 'Amanda', NULL, '5576 Brownstown Road', 'Sawyer', 'MI', '49125', NULL, 'adnama5u@yahoo.com\r', NULL, 63, 'yes'),
(1435, 'Gustafson', 'Erin', NULL, '1716 Devonwood Drive', 'Rochester Hills', 'MI', '48306', NULL, 'egus8806@yahoo.com\r', NULL, 63, 'yes'),
(1434, 'Edlund', 'Derek', NULL, 'N4377 Twin Falls Road', 'Iron Mountain', 'MI', '49801', NULL, 'gelund@chartermi.net\r', NULL, 63, 'yes'),
(1433, 'Cook', 'Eric', NULL, '1006 Apollo Drive', 'Iron Mountain', 'MI', '49801', NULL, 'ericcook11@hotmail.com\r', NULL, 63, 'yes'),
(1432, 'Berry', 'Leah', NULL, 'P.O. Box 321', 'Saxtons River', 'VT', '5154', NULL, 'ljjones@bfuhs.org\r', NULL, 63, 'yes'),
(1431, 'Backes', 'Lindsay', NULL, 'W55N867 Cedar Ridge Drive', 'Cedarberg', 'WI', '53012', NULL, 'lindser88@aol.com\r', NULL, 63, 'yes'),
(1430, 'Anderson', 'Brett', NULL, '1657 Five Lakes Road', 'Gaylord', 'MI', '49735', NULL, 'deltaanderson@yahoo.com\r', NULL, 63, 'yes'),
(1429, 'Aho', 'Kyle', NULL, 'E5328 Sunset Road', 'Ironwood', 'MI', '49938', NULL, 'dahorn@chartermi.net\r', NULL, 63, 'yes'),
(1428, 'Williams', 'Audrey', NULL, '8847 Canal Road', 'Sterling Heights', 'MI', '48314', NULL, 'peekabooinashoe@yahoo.com\r', NULL, 62, 'yes'),
(1427, 'Wheeler', 'Ashley', NULL, '423 Oswald Street', 'Crystal Falls', 'MI', '49920', NULL, 'kiss_my_bass44@hotmail.com\r', NULL, 62, 'yes'),
(1426, 'Weber', 'Stephanie', NULL, '2971 Mystic Hills Drive', 'Adrian', 'MI', '49221', NULL, 'stephanie122287@hotmail.com\r', NULL, 62, 'yes'),
(1425, 'Watts', 'Salem', NULL, '7 Grove Hill Court', 'Marquette', 'MI', '49855', NULL, 'eponine57@yahoo.com\r', NULL, 62, 'yes'),
(1424, 'Walk', 'Jessica', NULL, '1109 14th Avenue', 'Menominee', 'MI', '49858', NULL, 'jessnum@hotmail.com\r', NULL, 62, 'yes'),
(1423, 'Stubbs', 'Christiane', NULL, '1400 Laurel Avenue, SE', 'East Grand Rapids', 'MI', '49506', NULL, 'hpreader18@sbcglobal.net\r', NULL, 62, 'yes'),
(1422, 'Southall', 'Tabitha', NULL, '3904 Robin Lane', 'Kalamazoo', 'MI', '49008', NULL, 'playmygamesnow@yahoo.com\r', NULL, 62, 'yes'),
(1421, 'Prince', 'Loren', NULL, '1243 Giddings Avenue', 'Grand Rapids', 'MI', '49506', NULL, 'lprince87@aol.com\r', NULL, 62, 'yes'),
(1420, 'Perrault', 'Megan', NULL, '413 North Pine Road', 'Sobieski', 'WI', '54171', NULL, 'blueashes@netnet.net\r', NULL, 62, 'yes'),
(1419, 'Meyer', 'Kendra', NULL, '5412 Friar Lane', 'Midland', 'MI', '48642', NULL, 'asmeyer5@charter.net\r', NULL, 62, 'yes'),
(1418, 'Martin', 'Michelle', NULL, '1237 Highway M-28 West', 'Munising', 'MI', '49862', NULL, 'michelle13_06@hotmail.com\r', NULL, 62, 'yes'),
(1417, 'Lorendo', 'Melissa', NULL, '1501 Ridge Avenue', 'Mass City', 'MI', '49948', NULL, 'hockey_2126@yahoo.com\r', NULL, 62, 'yes'),
(1416, 'Latta', 'Kera', NULL, '9117 South U.S. 45', 'Bruce Crossing', 'MI', '49912', NULL, 'tweeter_13@hotmail.com\r', NULL, 62, 'yes'),
(1415, 'Krueger', 'Danielle', NULL, '8255 63rd Avenue', 'Pleasant Prairie', 'WI', '53158', NULL, 'lilkrueger4@aol.com\r', NULL, 62, 'yes'),
(1414, 'Kocher', 'Stefanie', NULL, '10304 Fox Road', 'Mass City', 'MI', '49948', NULL, 'skocher@nmu.edu\r', NULL, 62, 'yes'),
(1413, 'Ireland', 'Adam', NULL, '22533 South Mackinac Trail', 'Rudyard', 'MI', '49780', NULL, 'ai_11_2006@hotmail.com\r', NULL, 62, 'yes'),
(1412, 'Holman', 'Cameron', NULL, '925 North 10th Street', 'Elwood', 'IN', '46036', NULL, 'cholman@hindscc.k12.in.us\r', NULL, 62, 'yes'),
(1411, 'Hamilton', 'Craig', NULL, '3244 Luce Road', 'Flushing', 'MI', '48433', NULL, 'dbkidcraig@aol.com\r', NULL, 62, 'yes'),
(1410, 'Griffin', 'Megan', NULL, '70 Grove Street', 'Coopersville', 'MI', '49404', NULL, 'mgiffinc@yahoo.com\r', NULL, 62, 'yes'),
(1409, 'Feuillan', 'Ashley', NULL, '633 Maple Avenue', 'Downers Grove', 'IL', '60515', NULL, 'feuillan1@ameritech.net\r', NULL, 62, 'yes'),
(1408, 'Eslinger', 'Ashley', NULL, '12931 Highway B', 'Mishicot', 'WI', '54228', NULL, 'a_eslinger26@excite.com\r', NULL, 62, 'yes'),
(1407, 'Blackhall', 'Samantha', NULL, '839 East F Street', 'Iron Mountain', 'MI', '49801', NULL, 'samantha@up.net\r', NULL, 62, 'yes'),
(1406, 'Barabas', 'Sarah', NULL, '711 Highview Terrace', 'Lake Forest', 'IL', '60045', NULL, 'sarah98992@aol.com\r', NULL, 62, 'yes'),
(1405, 'Wroblewski', 'Matthew', NULL, '15018 Baldwin', 'West Olive', 'MI', '49460', NULL, 'bigman_wrobol@hotmail\r', NULL, 61, 'yes'),
(1404, 'Volek', 'James', NULL, '12901 Marshall Road', 'Birch Run', 'MI', '48415', NULL, 'jrushton@spsd.net\r', NULL, 61, 'yes'),
(1403, 'Vestich', 'Nathan', NULL, 'N4892 Basphy Road, P.O. Box 338', 'Watersmeet', 'MI', '49969', NULL, 'nathanvestich3@hotmail.com\r', NULL, 61, 'yes'),
(1402, 'Treloar', 'Amy', NULL, '7495 Locklin', 'West Bloomfield', 'MI', '48324', NULL, 'atreloar06@yahoo.com\r', NULL, 61, 'yes'),
(1401, 'Quantz', 'Edward', NULL, '118 Holme Road', 'Skandia', 'MI', '49885', NULL, 'camarofreak8087@aol.com\r', NULL, 61, 'yes'),
(1400, 'Prokash', 'F', NULL, '2790 Lavender Lane', 'Green Bay', 'WI', '54313', NULL, 'yoohoofbqb06@yahoo.com\r', NULL, 61, 'yes'),
(1399, 'Pontbriand', 'Joe', NULL, '530 15th Avenue', 'Norway', 'MI', '49870', NULL, 'slim166@hotmail.com\r', NULL, 61, 'yes'),
(1398, 'Pierce', 'Brandon', NULL, '905 South Kimberly Avenue', 'Iron Mountain', 'MI', '49801', NULL, 'ballin_baller112003@hotmail.com\r', NULL, 61, 'yes'),
(1397, 'Norris', 'Daniel', NULL, '8114 Pine Street', 'Germfask', 'MI', '49836', NULL, 'd_norris24@yahoo.com\r', NULL, 61, 'yes'),
(1396, 'Lenzen', 'Dana', NULL, '630 North Lake Street', 'Grayslake', 'IL', '60030', NULL, 'dllenzen@yahoo.com\r', NULL, 61, 'yes'),
(1395, 'Kovar', 'Jon', NULL, 'N1420 South 3 Drive', 'Menominee', 'MI', '49858', NULL, 'kovar88@hotmail.com\r', NULL, 61, 'yes'),
(1394, 'Jones', 'Erin', NULL, '9657 Thomas Avenue North', 'Minneapolis', 'MN', '55444', NULL, 'erjones@nmu.edu\r', NULL, 61, 'yes'),
(1393, 'Jankowski', 'Craig', NULL, '5939 West Highway U.S. 2', 'Manistique', 'MI', '49854', NULL, 'theholidaymotel@charterinternet.com\r', NULL, 61, 'yes'),
(1392, 'Hubbard', 'Alyssa', NULL, '1121 Erie Avenue', 'Crystal Falls', 'MI', '49920', NULL, 'angelwings39@hotmail.com\r', NULL, 61, 'yes'),
(1391, 'Griffiths', 'Robert', NULL, '155 Outer Drive', 'Alpena', 'MI', '49707', NULL, 'almighttyswitchblade@hotmail.com\r', NULL, 61, 'yes'),
(1390, 'Crider', 'Michael', NULL, '1513 West Thompson Road', 'Fenton', 'MI', '48430', NULL, 'criderd@chartermi.net\r', NULL, 61, 'yes'),
(1389, 'Cowper', 'Kendra', NULL, '567 Garfield Avenue', 'Aurora', 'IL', '60506', NULL, 'a321po@aol.com\r', NULL, 61, 'yes'),
(1388, 'Byers', 'Joshua', NULL, '4796N State Highway M-94', 'Manistique', 'MI', '49854', NULL, 'jbyers@nmu.edu\r', NULL, 61, 'yes'),
(1387, 'Brue', 'Austin', NULL, '4826 Stonewood Drive', 'Jackson', 'MI', '49201', NULL, 'bruecrew@aol.com\r', NULL, 61, 'yes'),
(1386, 'Brockman', 'Trisha', NULL, '207 South Pine Street', 'Kimberly', 'WI', '54136', NULL, 'trishab@new.rr.com\r', NULL, 61, 'yes'),
(1385, 'Bolek', 'Brett', NULL, '615 Norway', 'Norway', 'MI', '49870', NULL, 'bowls_75@hotmail.com\r', NULL, 61, 'yes'),
(1384, 'Bergh', 'David', NULL, 'E9469 Stone Street', 'Munising', 'MI', '49862', NULL, 'dbergh_4485@hotmail.com\r', NULL, 61, 'yes'),
(1383, 'Attwell', 'Lance', NULL, '1289 Highway M-28', 'Marquette', 'MI', '49855', NULL, 'la101888@aol.com\r', NULL, 61, 'yes'),
(1382, 'Wenzel', 'Brad', NULL, '1183 Tracie Drive', 'Lake Zurich', 'IL', '60047', NULL, 'bwnez46@yahoo.com\r', NULL, 60, 'yes'),
(1381, 'Splitgerber', 'Bryan', NULL, '2683 Foxfire Drive', 'Green Bay', 'WI', '54311', NULL, 'purple@new.rr.com\r', NULL, 60, 'yes'),
(1380, 'Schultz', 'Austin', NULL, '35152 Momat Avenue', 'Wildomar', 'CA', '92595', NULL, 'hockeyguy63@msn.com\r', NULL, 60, 'yes'),
(1379, 'Rominiecki', 'Michael', NULL, '23777 Grass Lake Road', 'Antioch', 'IL', '60002', NULL, 'two.percent.milk@gmail.com\r', NULL, 60, 'yes'),
(1378, 'Purcell', 'Andrew', NULL, '12599 St. John Road', 'Pilot Point', 'TX', '76258', NULL, 'blackmagnus@gmail.com\r', NULL, 60, 'yes'),
(1377, 'Nickel', 'Kevin', NULL, '2751 Rocky Creek Lane, NE', 'Rochester', 'MN', '55906', NULL, 'verditer13@yahoo.com\r', NULL, 60, 'yes'),
(1376, 'McGraw', 'Garret', NULL, '8108 Lea Road', 'Bloomington', 'MN', '55438', NULL, 'fischer881@hotmail.com\r', NULL, 60, 'yes'),
(1375, 'Klitzke', 'Benjamin', NULL, '1511 26th Avenue', 'Menominee', 'MI', '49858', NULL, 'kklitzke@new.rr.com\r', NULL, 60, 'yes'),
(1374, 'Gude', 'Megan', NULL, 'P.O. Box 216', 'Baraga', 'MI', '49908', NULL, 'mgude@nmu.edu\r', NULL, 60, 'yes'),
(1373, 'Erickson', 'Paul', NULL, '112 South Minerva Avenue', 'Royal Oak', 'MI', '48067', NULL, 'paul.d.erickson@gmail.com\r', NULL, 60, 'yes'),
(1372, 'Dupras', 'Justin', NULL, '421 Townhall Road', 'Skandia', 'MI', '49885', NULL, 'yeerk@aol.com\r', NULL, 60, 'yes'),
(1371, 'Cook', 'Josh', NULL, '20500 East Drive South', 'Marshall', 'MI', '49068', NULL, 'cloeytheripper@gmail.com\r', NULL, 60, 'yes'),
(1370, 'Wusterbarth', 'Lindsey', NULL, '401 Quincy Street', 'Oconto', 'WI', '54153', NULL, 'balletgirly@yahoo.com\r', NULL, 59, 'yes'),
(1369, 'Wegman-Lawless', 'Francis', NULL, '3008 South Skeba Road North', 'Lake LeeLanau', 'MI', '49653', NULL, 'willywind@juno.com\r', NULL, 59, 'yes'),
(1368, 'VanAlst', 'Tiffany', NULL, '7886 Gilford Road', 'Reese', 'MI', '48757', NULL, 'pmtt5@hotmail.com\r', NULL, 59, 'yes'),
(1367, 'Sutton', 'Robin', NULL, '8924 South M-221', 'Brimley', 'MI', '49715', NULL, 'robinlee_angelfire4@hotmail.com\r', NULL, 59, 'yes'),
(1366, 'McDonoff', 'Elizabeth', NULL, '20581 South Mackinac Trail', 'Rudyard', 'MI', '49780', NULL, 'bmcd632@yahoo.com\r', NULL, 59, 'yes'),
(1365, 'Marcum', 'Ryan', NULL, '261 Cordero Drive', 'Cibolo', 'TX', '78108', NULL, 'marcumd@aol.com\r', NULL, 59, 'yes'),
(1364, 'Maltese', 'Michael', NULL, '24813 Raven', 'Eastpointe', 'MI', '48021', NULL, 'mike42@lycos.com\r', NULL, 59, 'yes'),
(1363, 'Larson', 'Kristin', NULL, 'N3062 Furnee Lake Drive', 'Iron Mountain', 'MI', '49801', NULL, 'krlarson@nmu.edu\r', NULL, 59, 'yes'),
(1362, 'Larson', 'Jessica', NULL, '2587 Richardson Street', 'Madison', 'WI', '53711', NULL, 'lars_cheer@yahoo.com\r', NULL, 59, 'yes'),
(1361, 'Kunisch', 'Chelsea', NULL, '3216 Northwood Avenue', 'Toledo', 'OH', '43606', NULL, 'strdmkandys@sbcglobal.net\r', NULL, 59, 'yes'),
(1360, 'Knudson', 'Alex', NULL, '6091 Ridge Hollow Lane', 'Davisburg', 'MI', '48350', NULL, 'lakelandhawk13@yahoo.com\r', NULL, 59, 'yes'),
(1359, 'Hemmila', 'Brianne', NULL, '405 Kirkpatrick Street', 'Palmer', 'MI', '49871', NULL, 'breezyb2413@aol.com\r', NULL, 59, 'yes'),
(1358, 'Hack', 'Emily', NULL, '6540 Stone Brook Lane', 'Flushing', 'MI', '48433', NULL, 'joliefille115@aol.com\r', NULL, 59, 'yes'),
(1357, 'Gruskowski', 'Stephen', NULL, '13364 Vicarage Drive', 'Plainfield', 'IL', '60544', NULL, 'freefox78@aol.com\r', NULL, 59, 'yes'),
(1356, 'Gluckins', 'Daniel', NULL, '113 South Robeson Street - R', 'Robesonia', 'PA', '19551', NULL, 'dglucksn@nmu.edu\r', NULL, 59, 'yes'),
(1355, 'Gleason', 'Abbie', NULL, '2701 Corby Drive', 'Plano', 'TX', '75025', NULL, 'agleason@nmu.edu\r', NULL, 59, 'yes'),
(1354, 'Geyser', 'Fredrick', NULL, '402 Cherry Street', 'Iron River', 'MI', '49935', NULL, 'rickgeyser2004@yahoo.com\r', NULL, 59, 'yes'),
(1353, 'DeHate', 'Jessica', NULL, '34685 Forman Drive', 'Sterling Heights', 'MI', '48310', NULL, 'jess_dht@yahoo.com\r', NULL, 59, 'yes'),
(1352, 'Clark', 'Taylor', NULL, '12240 North Madero Drive', 'Mequon', 'WI', '53092', NULL, 'tman4403@aol.com\r', NULL, 59, 'yes'),
(1351, 'Cittadino', 'Abby', NULL, '2243 County Road 496', 'Ishpeming', 'MI', '49849', NULL, 'cittadinoa@yahoo.com\r', NULL, 59, 'yes'),
(1350, 'Chapp', 'Samantha', NULL, '39505 Camp', 'Harrison Township', 'MI', '48045', NULL, 'bloodytears_499@yahoo.com\r', NULL, 59, 'yes'),
(1349, 'Beyer', 'Tracy', NULL, '11150 National Street, NE', 'Blaine', 'MN', '55449', NULL, 'mnblondie88@yahoo.com\r', NULL, 59, 'yes'),
(1348, 'Bakker', 'Benjamin', NULL, '8887 Sequoia Road', 'Woodbury', 'MN', '55125', NULL, 'minnesotawild15@yahoo.com\r', NULL, 59, 'yes'),
(1347, 'Adams', 'Jewel', NULL, '13046 West Dunbar', 'Dundee', 'MI', '48131', NULL, 'sable@nundee.net\r', NULL, 59, 'yes'),
(1346, 'Wojcik', 'Lucas', NULL, '3175 Atlantis Drive', 'Green Bay', 'WI', '54313', NULL, 'jojcluca@msn.com\r', NULL, 55, 'yes'),
(1345, 'Ward', 'Rebecca', NULL, '860 A Preserve Drive', 'Marquette', 'MI', '49855', NULL, 'bdub1628@yahoo.com\r', NULL, 55, 'yes'),
(1344, 'Wade', 'Jeremy', NULL, '1112 Ortman Road', 'Marquette', 'MI', '49855', NULL, 'lavadrake@gmail.com\r', NULL, 55, 'yes'),
(1343, 'Vervacke', 'Andrew', NULL, '1215 Shade Tree Lane', 'Appleton', 'WI', '54915', NULL, 'ajbak@hotmail.com\r', NULL, 55, 'yes'),
(1342, 'Renken', 'Abbie', NULL, '1410 East Dirst Street', 'Merrill', 'WI', '54452', NULL, 'amy112169@hotmail.com\r', NULL, 55, 'yes'),
(1341, 'Reddick', 'Andrew', NULL, '956 County Road J', 'Little Suamico', 'WI', '54141', NULL, 'areddick@nmu.edu\r', NULL, 55, 'yes'),
(1340, 'Pope', 'Steven', NULL, '910 School Street', 'Ishpeming', 'MI', '49849', NULL, 'shots0084@netscape.net\r', NULL, 55, 'yes'),
(1339, 'Nevison', 'Brian', NULL, '7228 116th Avenue N', 'Champlin', 'MN', '55316', NULL, 'b_nev22@yahoo.com\r', NULL, 55, 'yes'),
(1338, 'Motoyoshi', 'David', NULL, '17950 Jacquard Path', 'Lakeville', 'MN', '55044', NULL, 'w8lifttilyadie@hotmail.com\r', NULL, 55, 'yes'),
(1337, 'Matson', 'Jessica', NULL, '712 East Division Street', 'Ishpeming', 'MI', '49849', NULL, 'jmatson@nmu.edu\r', NULL, 55, 'yes'),
(1336, 'Larson', 'Todd', NULL, '22620 Marjorie Avenue', 'Torrance', 'CA', '90606', NULL, 'blarson1@socal.rr.com\r', NULL, 55, 'yes'),
(1335, 'Koleda', 'Rachel', NULL, '327 South Cedar Street', 'Williamston', 'MI', '48895', NULL, 'koledaeggert@voyager.net\r', NULL, 55, 'yes'),
(1334, 'Jacob', 'Amber', NULL, '17457 Lahey Street', 'Granada Hills', 'CA', '91344', NULL, 'ajacob815@socal.rr.com\r', NULL, 55, 'yes'),
(1333, 'Jack', 'Bethany', NULL, '901 Jennison Road', 'Hubbard Lake', 'MI', '49747', NULL, 'bethanyannjack@hotmail.com\r', NULL, 55, 'yes'),
(1332, 'Gladwell', 'Steven', NULL, '1009 Jordan Road', 'DePere', 'WI', '54115', NULL, 'sgladwel@nmu.edu\r', NULL, 55, 'yes'),
(1331, 'Gayk', 'Zachary', NULL, '1020 Allouez Road', 'Marquette', 'MI', '49855', NULL, 'kinglet@up.net\r', NULL, 55, 'yes'),
(1330, 'Doney', 'Andrew', NULL, '1784 Wedgewood Drive', 'Green Bay', 'WI', '54303', NULL, 'masterlngrng@aol.com\r', NULL, 55, 'yes'),
(1329, 'DeBruyn', 'Christyna', NULL, '4123 24th Street', 'Dorr', 'MI', '49323', NULL, 'cdbz@iserb.net\r', NULL, 55, 'yes'),
(1328, 'Bosnak', 'Anthony', NULL, '10593 Shabbona Grove Road', 'Waterman', 'IL', '60556', NULL, 'tonyb292@hotmail.com\r', NULL, 55, 'yes'),
(1327, 'Begres', 'Emily', NULL, '1001 Wickman Drive', 'Iron Mountain', 'MI', '49801', NULL, 'ebegres@hotmail.com\r', NULL, 55, 'yes'),
(1326, 'Balbierz', 'Angela', NULL, '33 Oak Hill Drive', 'Marquette', 'MI', '49855', NULL, 'angeroo007@hotmail.com\r', NULL, 55, 'yes'),
(1325, 'Wicinski', 'Kraig', NULL, '41 Lippincott Road', 'Fox Lake', 'IL', '60020', NULL, 'kraigwiz@yahoo.com\r', NULL, 54, 'yes'),
(1324, 'Truby', 'Benjamin', NULL, '4740 Burton SE', 'Kentwood', 'MI', '49546', NULL, 'ben@truby.name\r', NULL, 54, 'yes'),
(1323, 'Shelton', 'Marlie', NULL, '2956 Diane Drive', 'Aurora', 'IL', '60504', NULL, 'wvbandchic75@sbcglobal.net\r', NULL, 54, 'yes'),
(1322, 'Sharkey', 'Patrick', NULL, '545 East Ohio Street', 'Marquette', 'MI', '49855', NULL, 'dsharkey@nmu.edu\r', NULL, 54, 'yes'),
(1321, 'Sayen', 'Joseph', NULL, '713 North Third Street, Apt. 2', 'Marquette', 'MI', '49855', NULL, 'jsayen@hotmail.com\r', NULL, 54, 'yes'),
(1320, 'Rossetti', 'Michael', NULL, '104 Woodbine Drive', 'Cranberry Township', 'PA', '16066', NULL, 'rossettim2006@yahoo.com\r', NULL, 54, 'yes'),
(1319, 'Nett', 'Jonathon', NULL, 'W4815 Dick Road', 'Chilton', 'WI', '53014', NULL, 'mxz670_nett@hotmail.com\r', NULL, 54, 'yes'),
(1318, 'Meredith', 'Nicole', NULL, '567 Indian Hills Drive', 'Hastings', 'MI', '49058', NULL, 'nmeredith2006@hotmail.com\r', NULL, 54, 'yes'),
(1317, 'McIntosh', 'Stephanie', NULL, '18069 Hammond Bay Drive', 'Spring Lake', 'MI', '49456', NULL, 'krazymonky88@sbcglobal.net\r', NULL, 54, 'yes'),
(1316, 'McCoy', 'Eric', NULL, '886 Royal Glen Drive', 'Cary', 'IL', '60013', NULL, 'mccoyeric@sbcglobal.net\r', NULL, 54, 'yes'),
(1315, 'Lanich', 'Lakin', NULL, 'N15062 Co. A', 'Amberg', 'WI', '54102', NULL, 'lakin_h@yahoo.com\r', NULL, 54, 'yes'),
(1314, 'Kobylinski', 'Devon', NULL, '612 East McLeod', 'Ironwood', 'MI', '49938', NULL, 'd27k@hotmail.com\r', NULL, 54, 'yes'),
(1313, 'Knox', 'Talan', NULL, '3559 East Kings Cover Circle', 'Salt Lake City', 'UT', '84121', NULL, 'jimmer3@aol.com\r', NULL, 54, 'yes'),
(1312, 'Holtan', 'Daniel', NULL, '23039 County Road 9', 'Winona', 'MN', '55987', NULL, 'danny_holtan@yahoo.com\r', NULL, 54, 'yes'),
(1311, 'Hartz', 'Carrie', NULL, 'N13399 Highway 141', 'Wausaukee', 'WI', '54177', NULL, 'carieh_a@yahoo.com\r', NULL, 54, 'yes'),
(1310, 'Gallagher', 'Casey', NULL, '675 Forest Hill Avenue, SE', 'Grand Rapids', 'MI', '49546', NULL, 'cjg88@juno.com\r', NULL, 54, 'yes'),
(1309, 'DuRussel', 'Justin', NULL, '1996 Santiago Road', 'Augres', 'MI', '48703', NULL, 'icetrey2001@hotmail.com\r', NULL, 54, 'yes'),
(1308, 'DuMont', 'Jason', NULL, '2406 North Main Street', 'Racine', 'WI', '53402', NULL, 'dumont@execpc.com\r', NULL, 54, 'yes'),
(1307, 'DeMartino', 'Jeff', NULL, '1601 Reaney Avenue', 'Saint Paul', 'MN', '55106', NULL, 'demartinojeff@aol.com\r', NULL, 54, 'yes'),
(1306, 'Cittadino', 'Kelly', NULL, '2243 County Road 496', 'Ishpeming', 'MI', '49849', NULL, 'kelc93@aol.com\r', NULL, 54, 'yes'),
(1305, 'Casey', 'Robert', NULL, '1115 South 20th Street', 'Escanaba', 'MI', '49829', NULL, 'bobcasey24@hotmail.com\r', NULL, 54, 'yes'),
(1304, 'Brisson', 'Andrew', NULL, '1508 West Avenue', 'Marquette', 'MI', '49855', NULL, '\r', NULL, 54, 'yes'),
(1303, 'Bilaski', 'Jerimie', NULL, '8951 W. U.S. Highway 2', 'Manistique', 'MI', '49854', NULL, 'devil_boy_75@hotmail.com\r', NULL, 54, 'yes'),
(1302, 'Beurkens', 'Jessica', NULL, '3347 Pingree Road', 'Howell', 'MI', '48843', NULL, 'twinkles466@aol.com\r', NULL, 54, 'yes'),
(1301, 'Banerud', 'Martin', NULL, 'John Brandts vei 25', 'Oslo N-0860', 'NORWAY', '', NULL, 'martin_banerud@hotmail.com\r', NULL, 54, 'yes'),
(1300, 'Wilke', 'Lindsey', NULL, '2023 Midway Drive', 'Rockford', 'IL', '61103', NULL, 'swilke4@aol.com\r', NULL, 53, 'yes'),
(1299, 'Uuro', 'Erica', NULL, '120 South Angeline', 'Ishpeming', 'MI', '49849', NULL, '\r', NULL, 53, 'yes'),
(1298, 'Usitalo', 'Karl', NULL, '42384 Willson Memorial Drive', 'Chassell', 'MI', '49916', NULL, 'karlu1245@hotmail.com\r', NULL, 53, 'yes'),
(1297, 'Strong', 'Andrea', NULL, 'HC R 3 Box 50', 'L''Anse', 'MI', '49946', NULL, 'astrong@nmu.edu\r', NULL, 53, 'yes'),
(1296, 'Stewart', 'Scott', NULL, '3108 Harvest Court', 'Island Lake', 'IL', '60042', NULL, 'crazydude979@hotmail.com\r', NULL, 53, 'yes'),
(1295, 'Stauss', 'Jeri', NULL, 'N5897 LaPlant Road', 'Porterfield', 'WI', '54159', NULL, 'jerstauss3@hotmail.com\r', NULL, 53, 'yes'),
(1294, 'Simmons', 'Samuel', NULL, '220 Union SE', 'Grand Rapids', 'MI', '49503', NULL, 'sam1026@hotmail.com\r', NULL, 53, 'yes'),
(1293, 'Schwarz', 'Jordan', NULL, '1920 Argyle Avenue', 'Kalamazoo', 'MI', '49008', NULL, 'schwarzjT5@aim.com\r', NULL, 53, 'yes'),
(1292, 'Ramey', 'Owen', NULL, '1850 13th Street', 'Martin', 'MI', '49070', NULL, 'owenr@wmis.com\r', NULL, 53, 'yes'),
(1291, 'Perry', 'Kyle', NULL, '120 Hillcrest', 'Ishpeming', 'MI', '49849', NULL, 'cxs21@sbcglobal.net\r', NULL, 53, 'yes'),
(1290, 'Mingay', 'Ryan', NULL, '2206 Wilkinson', 'Marquette', 'MI', '49855', NULL, 'leroy711@hotmail.com\r', NULL, 53, 'yes'),
(1289, 'Meneghini', 'Daniel', NULL, '246 Swiss Hill Drive', 'Green Bay', 'WI', '54302', NULL, 'americanegle77@aol.com\r', NULL, 53, 'yes'),
(1288, 'Lareau', 'Jason', NULL, '1624 W. 32nd Street', 'Holland', 'MI', '49423', NULL, 'jasonlareau@hotmail.com\r', NULL, 53, 'yes'),
(1287, 'Kappele', 'Michael', NULL, '42W453 Burlington Road', 'Elgin', 'IL', '60123', NULL, 'kappele22@comcast.net\r', NULL, 53, 'yes'),
(1286, 'Herbst', 'Benjamin', NULL, 'N1912 Sauk Trail Road', 'Oostburg', 'WI', '53070', NULL, 'herbst91ford@yahoo.com\r', NULL, 53, 'yes'),
(1285, 'Fusilier', 'Matthew', NULL, '16400 Herman Road', 'Manchester', 'MI', '48158', NULL, 'fusil415@yahoo.com\r', NULL, 53, 'yes'),
(1284, 'Fleury', 'Tia', NULL, '328 Wolcott Avenue', 'Kingsford', 'MI', '49802', NULL, 'tiafleury@yahoo.com\r', NULL, 53, 'yes'),
(1283, 'Eloi', 'Robert', NULL, '902 Garfield, Apt. 11', 'Marquette', 'MI', '49855', NULL, 'reloi06@hotmail.com\r', NULL, 53, 'yes'),
(1282, 'Durham', 'Dane', NULL, '2 Acorn Drive, 109', 'Trinidad', '', '', NULL, 'maadlion@hotmail.com\r', NULL, 53, 'yes'),
(1281, 'Crown', 'Adam', NULL, '531 Farrington Court', 'Buffalo Grove', 'IL', '60089', NULL, 'adamcrown@comcast.net\r', NULL, 53, 'yes'),
(1280, 'Blohowiak', 'Sam', NULL, '3171 Molly Brown Lane', 'Green Bay', 'WI', '54313', NULL, 'lblohowiak@new.rr.com\r', NULL, 53, 'yes'),
(1279, 'Birkmeier', 'John', NULL, '926 Ft. Jennings Road', 'Delphos', 'OH', '45833', NULL, 'johnbirkmeier@hotmail.com\r', NULL, 53, 'yes'),
(1278, 'Bilodeau', 'Jacob', NULL, '3156 Molly Brown Lane', 'Green Bay', 'WI', '54313', NULL, 'jbilodeau24@hotmail.com\r', NULL, 53, 'yes'),
(1277, 'Berlin', 'Aaron', NULL, '224 Seward Street', 'Hudson', 'MI', '49247', NULL, 'jaberlin@dmci.net\r', NULL, 53, 'yes'),
(1276, 'Bell', 'Daniel', NULL, '458 East Arbor Street', 'Marcellus', 'MI', '49067', NULL, 'dann_bell2006@yahoo.com\r', NULL, 53, 'yes'),
(1275, 'Bastien', 'Kayleigh', NULL, '535 Polk Court', 'Sheboygan', 'WI', '53081', NULL, 'iluvspongebob2002@yahoo.com\r', NULL, 53, 'yes'),
(1274, 'Arcuri', 'Madalyn', NULL, 'W72 N452 Greystone Drive', 'Cedarburg', 'WI', '53012', NULL, 'parcuri@wi.rr.com\r', NULL, 53, 'yes'),
(1273, 'Zidlicky', 'Christine', NULL, '3738 East 2603 Road', 'Sheridan', 'IL', '60551', NULL, 'snsesfail32tbs@aol.com\r', NULL, 82, 'yes'),
(1272, 'Wilber', 'Rachael', NULL, '14778 Aho Road', 'Ontonagon', 'MI', '49953', NULL, 'r_wilber72@hotmail.com\r', NULL, 82, 'yes'),
(1271, 'Walters', 'Noelle', NULL, '2366 Artist Avenue', 'Interlochen', 'MI', '49643', NULL, 'youkai_sorceress@yahoo.com\r', NULL, 82, 'yes'),
(1270, 'Stewart', 'William', NULL, 'P.O. Box 379', 'Grayling', 'MI', '49738', NULL, '\r', NULL, 82, 'yes'),
(1269, 'Starich', 'Abigail', NULL, '2122 South Oneida Street', 'Ashwaubenon', 'WI', '54304', NULL, 'bubzie1515@gmail.com\r', NULL, 82, 'yes'),
(1268, 'Ryan', 'Jamie', NULL, '100 Sterling', 'Negaunee', 'MI', '49866', NULL, 'jaryan@nmu.edu\r', NULL, 82, 'yes'),
(1267, 'Pippin', 'Erin', NULL, '4410 Carol Avenue, SW', 'Wyoming', 'MI', '49519', NULL, 'only_in_dreams2006@hotmail.com\r', NULL, 82, 'yes'),
(1266, 'Philbin', 'Scott', NULL, '2224 Crabtree', 'Northbrook', 'IL', '60062', NULL, 'sphilbin@nmu.edu\r', NULL, 82, 'yes'),
(1265, 'Nugent', 'Meghan', NULL, '15793 East Third Street', 'Hayward', 'WI', '54843', NULL, 'nugent11@hotmail.com\r', NULL, 82, 'yes'),
(1264, 'Morris', 'Charisse', NULL, '4927 Center Street', 'Augres', 'MI', '48703', NULL, 'charissemorris33@hotmail.com\r', NULL, 82, 'yes'),
(1263, 'Miedona', 'Kathryn', NULL, '2335 Potomak Court', 'Lindenhurst', 'IL', '60046', NULL, 'katiebug56@msn.com\r', NULL, 82, 'yes'),
(1262, 'McGuire', 'Brent', NULL, '25518 Maywood', 'Woodhaven', 'MI', '48183', NULL, 'bdmcguire@gmail.com\r', NULL, 82, 'yes'),
(1261, 'Mattonen', 'Amanda', NULL, '8854 North 75 Lane', 'Gladstone', 'MI', '49837', NULL, '\r', NULL, 82, 'yes'),
(1260, 'Martinez', 'Lorenza', NULL, '61 Centennial Drive', 'Hainesville', 'IL', '60073', NULL, 'rainforestluv@sbcglobal.net\r', NULL, 82, 'yes'),
(1259, 'Landreville', 'Donielle', NULL, '177 Balm Street', 'Cedarville', 'MI', '49719', NULL, 'nells226@hotmail.com\r', NULL, 82, 'yes'),
(1258, 'Hatch', 'Trenton', NULL, '8203 Tarp Lane', 'Boise', 'ID', '83709', NULL, 'liveon@hotmail.com\r', NULL, 82, 'yes'),
(1257, 'Haglund', 'Jessica', NULL, '6147 Lower 161st Street West', 'Rosemount', 'MN', '55068', NULL, 'schatzee2022@aol.com\r', NULL, 82, 'yes'),
(1256, 'Glow', 'Michael', NULL, '21660 West Old Barn Lane', 'Lake Zurich', 'IL', '60047', NULL, 'glow1080@comcast.net\r', NULL, 82, 'yes'),
(1255, 'DiBartolo', 'Kerry', NULL, '6927 Myrtle Avenue', 'Glendale', 'NY', '11385', NULL, 'muffinx2003@yahoo.com\r', NULL, 82, 'yes'),
(1254, 'Czulinski', 'Brian', NULL, '12791 Daily Drive', 'Sterling Heights', 'MI', '48313', NULL, 'jeeper95@wowway.com\r', NULL, 82, 'yes'),
(1253, 'Calabrese', 'Carl', NULL, '233 Foxdown', 'Holland', 'MI', '49424', NULL, 'triple_c_luvs_u@hotmail.com\r', NULL, 82, 'yes'),
(1252, 'Buchanan', 'Caressa', NULL, '1882 Sommer Set Drive, Apt. 3C', 'Glendale Heights', 'IL', '60139', NULL, 'dollygirl06ge@aol.com\r', NULL, 82, 'yes'),
(1251, 'Bernstein', 'Spencer', NULL, '1024 David Drive', 'Bensenville', 'IL', '60106', NULL, 'corncarp@yahoo.com\r', NULL, 82, 'yes'),
(1250, 'Belden', 'Derrick', NULL, '3282 180th Avenue', 'Hersey', 'MI', '49639', NULL, 'belden_14@hotmail.com\r', NULL, 82, 'yes'),
(1249, 'Wilson', 'Ashley', NULL, '15 Tracie Lane', 'Marquette', 'MI', '49855', NULL, 'ashwils@nmu.edu\r', NULL, 52, 'yes'),
(1248, 'Sterwald', 'Daniel', NULL, 'W358 N127 Rainbow Terrace', 'Oconomowoc', 'WI', '53066', NULL, 'csterwald@netwurx.net\r', NULL, 52, 'yes'),
(1247, 'Shipp', 'Megan', NULL, '1732 Sunnyside Circle', 'Northbrook', 'IL', '60062', NULL, 'meganshipp@yahoo.com\r', NULL, 52, 'yes'),
(1246, 'Schlindwein', 'Samantha', NULL, '55 East Riling, Lot 28', 'Gwinn', 'MI', '49841', NULL, 'snowboarder6941688@hotmail.com\r', NULL, 52, 'yes'),
(1245, 'Rabenhorst', 'Gabrielle', NULL, '452 Bischoff Street', 'Fond du Lac', 'WI', '54935', NULL, 'bask8ball_1123@hotmail.com\r', NULL, 52, 'yes'),
(1244, 'Palacios', 'Eric', NULL, '4028 North Hamlin', 'Chicago', 'IL', '60618', NULL, 'lipalacios@sbcglobal.net\r', NULL, 52, 'yes'),
(1243, 'Owens', 'Emmi', NULL, '15672 County Road CL', 'Ishpeming', 'MI', '49849', NULL, 'emowens@nmu.edu\r', NULL, 52, 'yes'),
(1242, 'Osiecki', 'Cassandra', NULL, '19N212 Hillcrest Drive', 'Hampshire', 'IL', '60140', NULL, 'cassievb24@sbcglobal.net\r', NULL, 52, 'yes'),
(1241, 'Olson', 'Kierstin', NULL, '251 Rose Street', 'Marine on St. Croix', 'MN', '55047', NULL, 'lundholm@frontiernet.net\r', NULL, 52, 'yes'),
(1240, 'Matthew', 'Chelsea', NULL, '3404 East Tesch Avenue', 'Milwaukee', 'WI', '53235', NULL, 'gweasley13@yahoo.com\r', NULL, 52, 'yes'),
(1239, 'Marta', 'Eric', NULL, '221 East Case Street', 'Negaunee', 'MI', '49866', NULL, 'fentoozler5438@aim.com\r', NULL, 52, 'yes'),
(1238, 'Madigan', 'Casey', NULL, '804 South Madison Street', 'Green Bay', 'WI', '54301', NULL, 'cmadigan@new.rr.com\r', NULL, 52, 'yes'),
(1237, 'Lynch', 'Kyle', NULL, '49 Meriden Street', 'Rochester', 'NY', '14612', NULL, 'kblynch4@yahoo.com\r', NULL, 52, 'yes'),
(1236, 'Lengas', 'Eric', NULL, '481 Lincoln Drive', 'Peshtigo', 'WI', '54147', NULL, 'lengas@vbe.com\r', NULL, 52, 'yes'),
(1235, 'Lampe', 'Alyssa', NULL, '18 East River', 'Tomahawk', 'WI', '54487', NULL, 'weiss_pam@yahoo.com\r', NULL, 52, 'yes'),
(1234, 'Konicek', 'Kevin', NULL, '35 North Oneida Avenue', 'Rhinelander', 'WI', '54501', NULL, 'kevinkonice@yahoo.com\r', NULL, 52, 'yes'),
(1233, 'Khor', 'Amanda', NULL, '1630 South Park Street', 'Iron Mountain', 'MI', '49801', NULL, 'akhor06@hotmail.com\r', NULL, 52, 'yes'),
(1232, 'Kachmarsky', 'Andrew', NULL, '100 Dandelion', 'Marquette', 'MI', '49855', NULL, 'akachmar@nmu.edu\r', NULL, 52, 'yes'),
(1231, 'Joosten', 'Jessica', NULL, '480 Poplar Street', 'Lake Linden', 'MI', '49945', NULL, 'fruit_fly45@hotmail.com\r', NULL, 52, 'yes'),
(1230, 'Holbrook', 'Coral', NULL, 'W385 N6650 North Woodlake Circle', 'Oconomowoc', 'WI', '53066', NULL, 'coralreef_8@yahoo.com\r', NULL, 52, 'yes'),
(1229, 'Hoag, Jr.', 'Michael', NULL, '255 East M-72', 'Grayling', 'MI', '49738', NULL, 'mtmjhoag@hotmail.com\r', NULL, 52, 'yes'),
(1228, 'Frederick', 'Brandon', NULL, '2402 Ruffed Court', 'Green Bay', 'WI', '54311', NULL, 'footbalplaya75@aim.com\r', NULL, 52, 'yes'),
(1227, 'Drog', 'Stephen', NULL, '1160 Bears Paw Drive', 'Rockford', 'IL', '61103', NULL, 'benchpress2006@yahoo.com\r', NULL, 52, 'yes'),
(1226, 'Busick', 'Jeff', NULL, 'N2476 M-3 Drive', 'Menominee', 'MI', '49858', NULL, 'jbusick@nmu.edu\r', NULL, 52, 'yes'),
(1225, 'Breitenfeldt', 'Heidi', NULL, '902 11th Street', 'Mosinee', 'WI', '54455', NULL, 'meidiheidi3@hotmail.com\r', NULL, 52, 'yes'),
(1224, 'Warnos', 'Megan', NULL, '02940 South Ranney Road', 'East Jordan', 'MI', '49727', NULL, '\r', NULL, 58, 'yes'),
(1223, 'Wahl', 'Kathryn', NULL, '516 North Saginaw Street', 'Owosso', 'MI', '48867', NULL, 'kwahl@nmu.edu\r', NULL, 58, 'yes'),
(1222, 'Smith', 'Austin', NULL, '3630 Rush Lake Road', 'Pinckney', 'MI', '48169', NULL, 'phigurl101@yahoo.com\r', NULL, 58, 'yes'),
(1221, 'Schnoenherr', 'Sean', NULL, '762 North Kalamazoo Avenue', 'Marshall', 'MI', '49068', NULL, '\r', NULL, 58, 'yes'),
(1220, 'Sargent', 'Jesse', NULL, '142 Fury Street', 'Gwinn', 'MI', '49841', NULL, '\r', NULL, 58, 'yes'),
(1219, 'McRae', 'Ian', NULL, '2383 Pettis', 'Ada', 'MI', '49301', NULL, 'imcrae@nmu.edu\r', NULL, 58, 'yes'),
(1218, 'Matheson', 'Lauren', NULL, '905 Lions Park Drive', 'St. Joseph', 'MI', '49085', NULL, 'laurenem617@yahoo.com\r', NULL, 58, 'yes'),
(1217, 'LaCombe', 'Natalie', NULL, '1037 Allouez', 'Marquette', 'MI', '49855', NULL, 'firefly8188@chartermi.net\r', NULL, 58, 'yes'),
(1216, 'Kostopolus', 'Amber', NULL, '329 East Ayer', 'Ironwood', 'MI', '49938', NULL, '\r', NULL, 58, 'yes'),
(1215, 'Holley', 'Georgianna', NULL, '3107 Morgan Road', 'Gaylord', 'MI', '49735', NULL, 'geholley@nmu.edu\r', NULL, 58, 'yes'),
(1214, 'Fornwald', 'Natalie', NULL, '734 East Beaumont Avenue', 'Whitfish Bay', 'WI', '53217', NULL, '\r', NULL, 58, 'yes'),
(1213, 'Dux', 'Sierra', NULL, '18 East Nicolet Boulevard', 'Marquette', 'MI', '49855', NULL, 'sdux@nmu.edu\r', NULL, 58, 'yes'),
(1212, 'Cameron', 'Cory', NULL, '8861 Charity Circle', 'Huber Heights', 'OH', '45424', NULL, 'warrior2006@yahoo.com\r', NULL, 58, 'yes'),
(1211, 'Breilein', 'Alexandra', NULL, '11240 Hieku Road', 'Manchester', 'MI', '48158', NULL, 'rubychic9483@hotmail.com\r', NULL, 58, 'yes'),
(1210, 'Beacco', 'Rachael', NULL, '338 Victoria Avenue', 'Negaunee', 'MI', '49866', NULL, 'beakz06@aol.com\r', NULL, 58, 'yes'),
(1209, 'Yzquierdo', 'Ashlee', NULL, '3953 Tallgrass West', 'Holland', 'MI', '49424', NULL, 'k-9wolf@hotmail.com\r', NULL, 57, 'yes'),
(1208, 'Worlow', 'Christopher', NULL, '10093 Pembrooke Circle', 'South Lyon', 'MI', '48178', NULL, 'chrisworlow@msn.com\r', NULL, 57, 'yes'),
(1207, 'Vassar', 'Misty', NULL, '108 Linden Drive', 'Iron River', 'MI', '49935', NULL, 'mvassar@nmu.edu\r', NULL, 57, 'yes'),
(1206, 'Stewart', 'Ian', NULL, '101 South Lakeshore Drive', 'Manistee', 'MI', '49660', NULL, 'iastewar@nmu.edu\r', NULL, 57, 'yes'),
(1205, 'Schomp', 'Sarah', NULL, '800 West Maple Grove Road', 'Sarwell', 'MI', '48622', NULL, 'frogy_style87@hotmail.com\r', NULL, 57, 'yes'),
(1204, 'Schnier', 'Christine', NULL, '1017 North Fifth Avenue', 'Saint Charles', 'IL', '60174', NULL, 'roxygrl1513@aol.com\r', NULL, 57, 'yes'),
(1203, 'Rice', 'Jessica', NULL, '3357 Dobson Road', 'Filion', 'MI', '48432', NULL, 'rice14_2006@hotmail.com\r', NULL, 57, 'yes'),
(1202, 'Pierce', 'Margaret', NULL, '1436 Waterford Drive', 'Green Bay', 'WI', '54313', NULL, '\r', NULL, 57, 'yes'),
(1201, 'Olejniczak', 'Kyrt', NULL, '330 Fairways Lane', 'Chelsea', 'MI', '48118', NULL, '\r', NULL, 57, 'yes'),
(1200, 'Nettnay', 'Alix', NULL, '523 Herman Street', 'Batesville', 'IN', '47006', NULL, 'anettnay@nmu.edu\r', NULL, 57, 'yes'),
(1199, 'Mills', 'Laurel', NULL, '1183 County Road 413', 'McMillan', 'MI', '49853', NULL, '\r', NULL, 57, 'yes'),
(1198, 'Lefeuvre', 'Edana', NULL, '345 Kohl Avenue', 'Lake Bluff', 'IL', '60044', NULL, '\r', NULL, 57, 'yes'),
(1197, 'Klein', 'Benjamin', NULL, '8460 Baker Road', 'Frankenmuth', 'MI', '48734', NULL, 'beklein@nmu.edu\r', NULL, 57, 'yes'),
(1196, 'Johnson', 'Daren', NULL, '504 Crown Point Drive', 'Buffalo Grove', 'IL', '60089', NULL, 'jerij13@comcast.net\r', NULL, 57, 'yes'),
(1195, 'Green', 'Megan', NULL, '1104 Chestnut Lane', 'South Lyon', 'MI', '48178', NULL, 'wakywegan52@yahoo.com\r', NULL, 57, 'yes'),
(1194, 'Garvick', 'Katherine', NULL, '2337 Rock Cyn', 'New Lenox', 'IL', '60451', NULL, '\r', NULL, 57, 'yes'),
(1193, 'Foster', 'Laura', NULL, '586 Old Orchard Road', 'Holland', 'MI', '49423', NULL, 'lauraf_592@hotmail.com\r', NULL, 57, 'yes'),
(1192, 'Ernst', 'Paul', NULL, '12535 Scio Church Road', 'Chelsea', 'MI', '48118', NULL, 'pernst@nmu.edu\r', NULL, 57, 'yes'),
(1191, 'Elenbaas', 'Sarah', NULL, '5303 South 200th Avenue', 'Hesperia', 'MI', '49421', NULL, 'selenbaa@nmu.edu\r', NULL, 57, 'yes'),
(1190, 'Bosley', 'Adam', NULL, 'N4746 County Road 607', 'Iron Mountain', 'MI', '49801', NULL, 'abosley@nmu.edu\r', NULL, 57, 'yes'),
(1189, 'Besenhoffer', 'Elysia', NULL, '560 West Parkview Terrace', 'Algonquin', 'IL', '60102', NULL, 'wbesenhoffer@velcicol.com\r', NULL, 57, 'yes'),
(1188, 'Attee', 'Cameron', NULL, '13686 Clark Road', 'Charlevoix', 'MI', '49720', NULL, '\r', NULL, 57, 'yes'),
(1187, 'Thurgood', 'Kalli', NULL, '20782 Idaho Avenue', 'Lakeville', 'MN', '55044', NULL, 'katkoosport5@charter.net\r', NULL, 56, 'yes'),
(1186, 'Sterbenc', 'Maxwell', NULL, '18530 Hood Avenue', 'Homewood', 'IL', '60430', NULL, 'mjsterbenc@gmail.com\r', NULL, 56, 'yes'),
(1185, 'St. Peter', 'Erik', NULL, '28 E. Pine Street', 'Fremont', 'MI', '49412', NULL, 'wstpeter@ncats.net\r', NULL, 56, 'yes'),
(1184, 'Sikkenga', 'Samantha', NULL, '1908 Michillinda Road', 'Twin Lake', 'MI', '49457', NULL, 'samanthal.sikkenga@gmail.com\r', NULL, 56, 'yes'),
(1183, 'Sigsbee', 'Dustin', NULL, '11089 North Vandecar', 'Farwell', 'MI', '48622', NULL, 'havana_lovers0623@msn.com\r', NULL, 56, 'yes'),
(1182, 'Poirier', 'Justin', NULL, '31068 Silverdale Drive', 'Novi', 'MI', '48377', NULL, 'jpoirier587@gmail.com\r', NULL, 56, 'yes'),
(1181, 'Parins', 'Alex', NULL, '1907 E. Lourdes Drive', 'Appleton', 'WI', '54915', NULL, 'alexgonefishing@new.rr.com\r', NULL, 56, 'yes'),
(1180, 'Moraska', 'Dan', NULL, '404 Division Street', 'Iron Mountain', 'MI', '49801', NULL, 'dooby_doo10@hotmail.com\r', NULL, 56, 'yes'),
(1179, 'Miller', 'Maegan', NULL, '1669 Snowtrails Drive', 'Manistee', 'MI', '49660', NULL, 'snowbunny510@hotmail.com\r', NULL, 56, 'yes'),
(1178, 'Luoma', 'Krystal', NULL, '118 8th Street', 'Calumet', 'MI', '49913', NULL, 'angel_babie_0602@yahoo.com\r', NULL, 56, 'yes'),
(1177, 'Kovar', 'Kerrie', NULL, 'N1886 River Drive', 'Menominee', 'MI', '49858', NULL, 'kovark15@yahoo.com\r', NULL, 56, 'yes'),
(1176, 'Kilgore', 'Brenda', NULL, '52830 M-26 N, #A15', 'Lake Linden', 'MI', '49945', NULL, 'smartgirl13w@gmail.com\r', NULL, 56, 'yes'),
(1175, 'Jorgensen', 'Jaclyn', NULL, '13010 Amesbury Court', 'Fenton', 'MI', '48430', NULL, 'jackiejorgensen@gmail.com\r', NULL, 56, 'yes'),
(1174, 'Janco', 'Kaitlyn', NULL, '10031 Dupont Avenue, South', 'Minneapolis', 'MN', '55431', NULL, 'kaitering2you@hotmail.com\r', NULL, 56, 'yes'),
(1173, 'Haavisto', 'Lance', NULL, '446 North Road', 'Negaunee', 'MI', '49866', NULL, '\r', NULL, 56, 'yes'),
(1172, 'Gilligan', 'Kevin', NULL, '2991 State Highway M-189', 'Iron River', 'MI', '49935', NULL, 'gilligan@up.net\r', NULL, 56, 'yes'),
(1171, 'Engelke', 'Erin', NULL, '2260 Inca Lane', 'New Brighton', 'MN', '55112', NULL, 'eengelke@comcast.net\r', NULL, 56, 'yes'),
(1170, 'Crenshaw', 'Matthew', NULL, '828 West Bluff Street, Apt. 3', 'Marquette', 'MI', '49855', NULL, 'drchaos13@hotmail.com\r', NULL, 56, 'yes'),
(1169, 'Broaddus', 'Edward', NULL, '175 North Pearce Street', 'Gwinn', 'MI', '49841', NULL, 'ebroaddu@nmu.edu\r', NULL, 56, 'yes'),
(1168, 'Arne', 'Lindsay', NULL, '940 Dakota Avenue', 'Long Lake', 'MN', '55356', NULL, 'linbin26@aol.com\r', NULL, 56, 'yes'),
(1167, 'Armour', 'Caitlin', NULL, '6118 West Plum Valley Road, NW', 'Rapid City', 'MI', '49676', NULL, '\r', NULL, 56, 'yes'),
(1166, 'Antieau', 'Rebecca', NULL, '2140 11th Street', 'Wyandotte', 'MI', '48192', NULL, '\r', NULL, 56, 'yes'),
(1165, 'Wonnacott', 'Tanya', NULL, '125 West Antoine Street', 'Iron Mountain', 'MI', '49801', NULL, 'gizmomo49801@yahoo.com\r', NULL, 51, 'yes'),
(1164, 'Waters', 'Erica', NULL, '5514 Starboard Court', 'Fairfax', 'VA', '22032', NULL, 'ericawaters@comcast.net\r', NULL, 51, 'yes'),
(1163, 'Squires', 'Lauren', NULL, '116 Greenfarm Road', 'New Ipswich', 'NH', '3071', NULL, 'lssquso3421@yahoo.com\r', NULL, 51, 'yes'),
(1162, 'Sibley', 'Stacy', NULL, '1770 Glendora Lane', 'Ishpeming', 'MI', '49849', NULL, '\r', NULL, 51, 'yes'),
(1161, 'Rygwelski', 'Katharine', NULL, '849 Notre Dame', 'Gross Pointe', 'MI', '48230', NULL, 'katebean@sbcglobal.net\r', NULL, 51, 'yes'),
(1160, 'Ryan', 'Caitlin', NULL, '4376 Midway Road', 'Hermantown', 'MN', '55811', NULL, 'brigid382@aol.com\r', NULL, 51, 'yes'),
(1159, 'Robinson', 'Michael', NULL, '76 Muskoka', 'Grosse Pointe Farms', 'MI', '48236', NULL, 'mikelr325@msn.com\r', NULL, 51, 'yes'),
(1158, 'Rewald', 'Chelsea', NULL, '01545 M-66 South', 'East Jordan', 'MI', '49727', NULL, 'crewald@nmu.edu\r', NULL, 51, 'yes'),
(1157, 'Paradine', 'Tiffany', NULL, '14677 South 2nd Street', 'Schoolcraft', 'MI', '49087', NULL, 'golfergurl88@aol.com\r', NULL, 51, 'yes'),
(1156, 'Pacaitis', 'Alissa', NULL, '8047 Grayfield Street', 'Dearborn Heights', 'MI', '48127', NULL, '\r', NULL, 51, 'yes'),
(1155, 'Mehlman', 'Tyler', NULL, '1638 Warrington Lane', 'Crystal Lake', 'IL', '53066', NULL, '\r', NULL, 51, 'yes'),
(1154, 'Manthey', 'Sarah', NULL, '982 Bluehill Avenue', 'Fond du Lac', 'WI', '54935', NULL, 'superallstar05@yahoo.com\r', NULL, 51, 'yes'),
(1153, 'Maki', 'Terra', NULL, '165 Sandy Lane', 'Marquette', 'MI', '49855', NULL, 'foxfire125@hotmail.com\r', NULL, 51, 'yes'),
(1152, 'Kuhn', 'Caitlin', NULL, '236 North 2nd Street', 'West Branch', 'MI', '48661', NULL, 'ckuhn@nmu.edu\r', NULL, 51, 'yes'),
(1151, 'Johnston', 'Amber', NULL, '605 Brule Road', 'Marquette', 'MI', '49855', NULL, '\r', NULL, 51, 'yes'),
(1150, 'Hytinen', 'Kelli', NULL, '2424 County Road 496', 'Ishpeming', 'MI', '49849', NULL, 'khytinen@nmu.edu\r', NULL, 51, 'yes'),
(1149, 'Hendrickson', 'Erin', NULL, '131 West Grand Boulevard', 'Iron Mountain', 'MI', '49801', NULL, 'etenity_16@hotmail.com\r', NULL, 51, 'yes'),
(1148, 'Helwig', 'Laura', NULL, '3572 County Road 140', 'Barnum', 'MN', '55707', NULL, 'keishiana@yahoo.com\r', NULL, 51, 'yes'),
(1147, 'Gottsacker', 'Hans', NULL, '915 Hawthorne Court', 'Manitowoc', 'WI', '54220', NULL, 'hagottsacker@hotmail.com\r', NULL, 51, 'yes'),
(1146, 'Garnell', 'Kristin', NULL, '46399 Maple Street', 'Dodgeville', 'MI', '49921', NULL, 'kagarnell@hotmail.com\r', NULL, 51, 'yes'),
(1145, 'Dupack', 'Ian', NULL, '5923 Murfield Drive', 'Rochester', 'MI', '48306', NULL, 'dupack@usol.com\r', NULL, 51, 'yes'),
(1144, 'Dahlberg', 'Michael', NULL, '2842 Whittier Drive', 'Bloomfield Hills', 'MI', '48304', NULL, 'dahlbs_34@hotmail.com\r', NULL, 51, 'yes'),
(1143, 'Caauwe', 'Rachel', NULL, '2045 Harp Street', 'White Cloud', 'MI', '49349', NULL, 'mew_mew027@yahoo.com\r', NULL, 51, 'yes'),
(1142, 'Balowaara', 'Holli', NULL, '29 Gregory Street', 'Lake Linden', 'MI', '49945', NULL, 'nambler9@yahoo.com\r', NULL, 51, 'yes'),
(1141, 'Abrahamsson', 'Kathryn', NULL, '2280 Niagra Drive', 'Troy', 'MI', '48083', NULL, '\r', NULL, 51, 'yes'),
(1824, 'O''Brien', 'Marjorie', NULL, '2104 Needham Road', 'Ann Arbor', 'MI', '48104', NULL, '\r', NULL, 57, 'yes'),
(1825, 'O''Brien', 'Nicholes', NULL, '206 East Peck Street', 'Negaunee', 'MI', '49866', NULL, 'slick_0202@hotmail.com\r', NULL, 57, 'yes'),
(1826, 'O''Callaghan', 'Timothy', NULL, '3632 Heron S.W.', 'Wyoming', 'MI', '49509', NULL, 'docallaghan@sbcglobal.net\r', NULL, 83, 'yes'),
(1827, 'O''Donnell', 'Kyle', NULL, '317 Jonathan Carver Road', 'Marquette', 'MI', '49855', NULL, 'matodonn@nmu.edu\r', NULL, 64, 'yes'),
(1828, 'O''Rorke Stedman', 'Curtiss', NULL, '6087 Kerry Road', 'Manistee', 'MI', '49660', NULL, 'c_maximus22@yahoo.com\r', NULL, 65, 'yes'),
(1829, 'O''Keefe', 'Kevin', NULL, '25109 Woodworth Drive', 'Novi', 'MI', '48374', NULL, 'kevinokeefe@ameritech.net\r', NULL, 70, 'yes'),
(1830, 'O''Connell', 'Kaylla', NULL, '244 Lukas Lane', 'Milton', 'WI', '53563', NULL, 'canadachic101@hotmail.com\r', NULL, 72, 'yes'),
(1831, 'O''Neill', 'Sarah', NULL, '2222 Allen Street', 'Marquette', 'MI', '49855', NULL, 'soneill@nmu.edu', NULL, 76, 'yes'),
(1835, 'Hole', 'Sam', 'A', '123 Fake St', 'Sprinfeild', 'AL', '12321', '8988887777', 'bahole@ahole.com', '12121212', 59, 'yes'),
(1836, 'Wolf', 'Jeff', 'A', '727 West Ridge St', 'Marquette', 'MI', '49855', '906-228-4388', 'jibbs02@gmail.com', '00011530', 60, 'yes'),
(1837, 'Student', 'Fake', '', '', '', 'AL', '', '', '', '00000001', 87, 'yes'),
(1838, 'Wolf', 'Jeff', 'A', '123 Fake St', 'Springfield', 'AL', '12345', '', '', '00049855', 60, 'yes');

-- --------------------------------------------------------

-- 
-- Table structure for table `Teaching_Assistants`
-- 

CREATE TABLE `Teaching_Assistants` (
  `id` int(11) NOT NULL auto_increment,
  `fname` varchar(50) default NULL,
  `lname` varchar(50) default NULL,
  `mname` char(1) default NULL,
  `street` varchar(50) default NULL,
  `city` varchar(50) default NULL,
  `state` varchar(20) default NULL,
  `zip` varchar(5) default NULL,
  `phone` varchar(20) default NULL,
  `email` varchar(50) default NULL,
  `nmuin` varchar(8) default NULL,
  PRIMARY KEY  (`id`)
) TYPE=MyISAM AUTO_INCREMENT=34 ;

-- 
-- Dumping data for table `Teaching_Assistants`
-- 

INSERT INTO `Teaching_Assistants` (`id`, `fname`, `lname`, `mname`, `street`, `city`, `state`, `zip`, `phone`, `email`, `nmuin`) VALUES (1, 'Emily', 'Kukral', NULL, NULL, NULL, NULL, NULL, NULL, 'patsmith@nmu.edu', NULL),
(2, 'Lydia', 'Bennet', NULL, NULL, NULL, NULL, NULL, NULL, 'ppless@nmu.edu', NULL),
(3, 'Monica', 'Zavala', NULL, NULL, NULL, NULL, NULL, NULL, 'twolfe@nmu.edu', NULL),
(4, 'Brian', 'Kibby', NULL, NULL, NULL, NULL, NULL, NULL, 'keiellis@nmu.edu', NULL),
(5, 'Alyssa', 'Gallagher', NULL, NULL, NULL, NULL, NULL, NULL, 'bcoleman@nmu.edu', NULL),
(6, 'Lillian', 'Florenski', NULL, NULL, NULL, NULL, NULL, NULL, 'esenker@nmu.edu', NULL),
(7, 'Amanda', 'Raymond', NULL, NULL, NULL, NULL, NULL, NULL, 'kareynol@nmu.edu', NULL),
(8, 'Catherine', 'Gikuri', NULL, NULL, NULL, NULL, NULL, NULL, 'pmccormi@nmu.edu', NULL),
(9, 'Stacey', 'Beary', NULL, NULL, NULL, NULL, NULL, NULL, 'jcantril@nmu.edu', NULL),
(10, 'Danielle', 'Ventre', NULL, NULL, NULL, NULL, NULL, NULL, 'anniestanger@charter.net', NULL),
(11, 'Kari', 'Stromberg', NULL, NULL, NULL, NULL, NULL, NULL, 'ericjohn@nmu.edu', NULL),
(12, 'Jill', 'Seaman', NULL, NULL, NULL, NULL, NULL, NULL, 'jminchef@nmu.edu', NULL),
(13, 'Shea', 'Belanger', NULL, NULL, NULL, NULL, NULL, NULL, 'dmlb@chartermi.net', NULL),
(14, 'Wayne', 'Taylor', NULL, NULL, NULL, NULL, NULL, NULL, 'dmlb@chartermi.net', NULL),
(15, 'Ashley', 'Triphan', NULL, NULL, NULL, NULL, NULL, NULL, 'mrudisil@nmu.edu', NULL),
(16, 'Anne', 'Bradley', NULL, NULL, NULL, NULL, NULL, NULL, 'mhearn@nmu.edu', NULL),
(17, 'Mike', 'Duckwall', NULL, NULL, NULL, NULL, NULL, NULL, 'mwallace@nmu.edu', NULL),
(18, 'Mary', 'Raymond', NULL, NULL, NULL, NULL, NULL, NULL, 'esmit@nmu.edu', NULL),
(19, 'Anne', 'Swanson', NULL, NULL, NULL, NULL, NULL, NULL, 'esmit@nmu.edu', NULL),
(20, 'Kimberly', 'Stobb', NULL, NULL, NULL, NULL, NULL, NULL, 'anelson@nmu.edu', NULL),
(21, 'Bianca', 'Smith', NULL, NULL, NULL, NULL, NULL, NULL, 'greerkcfam@aol.com', NULL),
(22, 'Alyssia', 'Ashkevron', NULL, NULL, NULL, NULL, NULL, NULL, 'chad@fireup.org', NULL),
(23, 'Devon', 'Coluzzi', NULL, NULL, NULL, NULL, NULL, NULL, 'jcovales@nmu.edu', NULL),
(24, 'Leigh', 'Dudley', NULL, NULL, NULL, NULL, NULL, NULL, 'abeaucha@nmu.edu', NULL),
(25, 'Lindsey', 'Fortney', NULL, NULL, NULL, NULL, NULL, NULL, 'chad@fireup.org', NULL),
(26, 'Sharah', 'Denton', NULL, NULL, NULL, NULL, NULL, NULL, 'leamille@nmu.edu', NULL),
(27, 'Brian', 'Vamstad', NULL, NULL, NULL, NULL, NULL, NULL, 'rgoodric@nmu.edu', NULL),
(28, 'Isaac', 'Dwamena', NULL, NULL, NULL, NULL, NULL, NULL, 'lgerhard@nmu.edu', NULL),
(29, 'Sarah', 'VanEss', NULL, NULL, NULL, NULL, NULL, NULL, 'sverduin@nmu.edu', NULL),
(30, 'Katie', 'Wilson', NULL, NULL, NULL, NULL, NULL, NULL, 'scotsmit@nmu.edu', NULL),
(31, 'Kent', 'McCord', NULL, NULL, NULL, NULL, NULL, NULL, 'tdemarte@nmu.edu', NULL),
(32, 'Rachel', 'Griffin', NULL, NULL, NULL, NULL, NULL, NULL, 'jalexand@nmu.edu', NULL),
(33, 'Fake', 'TA', 'A', '123 Fake St', 'Marquette', 'AL', '12343', '1233333333', 'jibbs02@gmail.com', '12334343');

-- --------------------------------------------------------

-- 
-- Table structure for table `Time`
-- 

CREATE TABLE `Time` (
  `id` int(11) NOT NULL auto_increment,
  `semester_id` int(11) NOT NULL default '0',
  `start` char(10) NOT NULL default '',
  `end` char(10) NOT NULL default '',
  PRIMARY KEY  (`id`)
) TYPE=MyISAM AUTO_INCREMENT=2 ;

-- 
-- Dumping data for table `Time`
-- 

INSERT INTO `Time` (`id`, `semester_id`, `start`, `end`) VALUES (1, 1, '1165402800', '1166328000');

-- --------------------------------------------------------

-- 
-- Table structure for table `Todo`
-- 

CREATE TABLE `Todo` (
  `id` int(11) NOT NULL auto_increment,
  `title` varchar(255) NOT NULL default '',
  `description` text NOT NULL,
  `link` varchar(255) NOT NULL default '',
  `status` enum('complete','pending','todo') NOT NULL default 'todo',
  PRIMARY KEY  (`id`)
) TYPE=MyISAM AUTO_INCREMENT=30 ;



-- --------------------------------------------------------

-- 
-- Table structure for table `UN100`
-- 

CREATE TABLE `UN100` (
  `id` int(11) NOT NULL auto_increment,
  `building_id` int(11) default NULL,
  `room` varchar(4) default NULL,
  `time` text,
  `days` text,
  PRIMARY KEY  (`id`)
) TYPE=MyISAM AUTO_INCREMENT=34 ;

-- 
-- Dumping data for table `UN100`
-- 

INSERT INTO `UN100` (`id`, `building_id`, `room`, `time`, `days`) VALUES (1, 1, '90', 'a:2:{s:5:"start";i:1104591600;s:3:"end";i:1104597600;}', 'a:1:{i:0;s:1:"T";}'),
(3, 1, '169', 'a:2:{s:5:"start";i:1104606000;s:3:"end";i:1104612000;}', 'a:1:{i:0;s:1:"R";}'),
(4, 1, '90', 'a:2:{s:5:"start";i:1104591600;s:3:"end";i:1104597600;}', 'a:1:{i:0;s:1:"R";}'),
(5, 1, '61', 'a:2:{s:5:"start";i:1104606000;s:3:"end";i:1104612000;}', 'a:1:{i:0;s:1:"R";}'),
(6, 2, '1205', 'a:2:{s:5:"start";i:1104588000;s:3:"end";i:1104594000;}', 'a:1:{i:0;s:1:"T";}'),
(7, 3, '2812', 'a:2:{s:5:"start";i:1104588000;s:3:"end";i:1104594000;}', 'a:1:{i:0;s:1:"W";}'),
(8, 4, '219', 'a:2:{s:5:"start";i:1104609600;s:3:"end";i:1104615600;}', 'a:1:{i:0;s:1:"M";}'),
(9, 5, '310', 'a:2:{s:5:"start";i:1104591600;s:3:"end";i:1104597600;}', 'a:1:{i:0;s:1:"T";}'),
(10, 4, '211', 'a:2:{s:5:"start";i:1104609600;s:3:"end";i:1104615600;}', 'a:1:{i:0;s:1:"R";}'),
(11, 3, '2905', 'a:2:{s:5:"start";i:1104591600;s:3:"end";i:1104597600;}', 'a:1:{i:0;s:1:"T";}'),
(12, 6, '108', 'a:2:{s:5:"start";i:1104606000;s:3:"end";i:1104612000;}', 'a:1:{i:0;s:1:"T";}'),
(13, 4, '242', 'a:2:{s:5:"start";i:1104620400;s:3:"end";i:1104626400;}', 'a:1:{i:0;s:1:"W";}'),
(14, 4, '227', 'a:2:{s:5:"start";i:1104609600;s:3:"end";i:1104615600;}', 'a:1:{i:0;s:1:"T";}'),
(15, 4, '221', 'a:2:{s:5:"start";i:1104609600;s:3:"end";i:1104615600;}', 'a:1:{i:0;s:1:"T";}'),
(16, 7, '206', 'a:2:{s:5:"start";i:1104591600;s:3:"end";i:1104597600;}', 'a:1:{i:0;s:1:"F";}'),
(17, 4, '211', 'a:2:{s:5:"start";i:1104566400;s:3:"end";i:1104572400;}', 'a:1:{i:0;s:1:"T";}'),
(18, 4, '201', 'a:2:{s:5:"start";i:1104588000;s:3:"end";i:1104594000;}', 'a:1:{i:0;s:1:"M";}'),
(19, 6, '108', 'a:2:{s:5:"start";i:1104588000;s:3:"end";i:1104594000;}', 'a:1:{i:0;s:1:"M";}'),
(20, 3, '2812', 'a:2:{s:5:"start";i:1104602400;s:3:"end";i:1104608400;}', 'a:1:{i:0;s:1:"W";}'),
(21, 8, '243', 'a:2:{s:5:"start";i:1104609600;s:3:"end";i:1104615600;}', 'a:1:{i:0;s:1:"T";}'),
(22, 3, '2911', 'a:2:{s:5:"start";i:1104613200;s:3:"end";i:1104619200;}', 'a:1:{i:0;s:1:"W";}'),
(23, 2, '1205', 'a:2:{s:5:"start";i:1104595200;s:3:"end";i:1104644400;}', 'a:1:{i:0;s:1:"T";}'),
(24, 7, '134', 'a:2:{s:5:"start";i:1104591600;s:3:"end";i:1104597600;}', 'a:1:{i:0;s:1:"M";}'),
(25, 3, '2911', 'a:2:{s:5:"start";i:1104609600;s:3:"end";i:1104615600;}', 'a:1:{i:0;s:1:"T";}'),
(26, 5, '232', 'a:2:{s:5:"start";i:1104615000;s:3:"end";i:1104621600;}', 'a:1:{i:0;s:1:"W";}'),
(27, 6, '108', 'a:2:{s:5:"start";i:1104609600;s:3:"end";i:1104615600;}', 'a:1:{i:0;s:1:"M";}'),
(28, 4, '235', 'a:2:{s:5:"start";i:1104606000;s:3:"end";i:1104612000;}', 'a:1:{i:0;s:1:"M";}'),
(29, 4, '225', 'a:2:{s:5:"start";i:1104620400;s:3:"end";i:1104626400;}', 'a:1:{i:0;s:1:"R";}'),
(30, 2, '1209', 'a:2:{s:5:"start";i:1104595200;s:3:"end";i:1104601200;}', 'a:1:{i:0;s:1:"T";}'),
(31, 5, '232', 'a:2:{s:5:"start";i:1104624000;s:3:"end";i:1104630000;}', 'a:1:{i:0;s:1:"W";}'),
(32, 3, '2905', 'a:2:{s:5:"start";i:1104620400;s:3:"end";i:1104626400;}', 'a:1:{i:0;s:1:"W";}'),
(33, 5, '312', 'a:2:{s:5:"start";i:1104609600;s:3:"end";i:1104615600;}', 'a:1:{i:0;s:1:"R";}');
